CRAN Package Check Results for Package ordinalpattern

Last updated on 2022-05-26 23:53:02 CEST.

Flavor Version Tinstall Tcheck Ttotal Status Flags
r-devel-linux-x86_64-debian-clang 0.2.0 2.91 32.87 35.78 NOTE
r-devel-linux-x86_64-debian-gcc 0.2.0 2.35 28.47 30.82 NOTE
r-devel-linux-x86_64-fedora-clang 0.2.0 47.45 NOTE
r-devel-linux-x86_64-fedora-gcc 0.2.0 45.86 NOTE
r-devel-windows-x86_64 0.2.0 35.00 50.00 85.00 NOTE
r-patched-linux-x86_64 0.2.0 2.47 32.24 34.71 NOTE
r-release-linux-x86_64 0.2.0 2.76 31.61 34.37 NOTE
r-release-macos-arm64 0.2.0 17.00 NOTE
r-release-macos-x86_64 0.2.0 21.00 NOTE
r-release-windows-x86_64 0.2.0 22.00 51.00 73.00 NOTE
r-oldrel-macos-arm64 0.2.0 18.00 NOTE
r-oldrel-macos-x86_64 0.2.0 25.00 NOTE
r-oldrel-windows-ix86+x86_64 0.2.0 9.00 55.00 64.00 NOTE

Additional issues

rchk

Check Details

Version: 0.2.0
Check: LazyData
Result: NOTE
     'LazyData' is specified without a 'data' directory
Flavors: r-devel-linux-x86_64-debian-clang, r-devel-linux-x86_64-debian-gcc, r-devel-linux-x86_64-fedora-clang, r-devel-linux-x86_64-fedora-gcc, r-devel-windows-x86_64, r-patched-linux-x86_64, r-release-linux-x86_64, r-release-macos-arm64, r-release-macos-x86_64, r-release-windows-x86_64, r-oldrel-macos-arm64, r-oldrel-macos-x86_64, r-oldrel-windows-ix86+x86_64

Version: 0.2.0
Check: compiled code
Result: NOTE
    File ‘ordinalpattern/libs/ordinalpattern.so’:
     Found no calls to: ‘R_registerRoutines’, ‘R_useDynamicSymbols’
    
    It is good practice to register native routines and to disable symbol
    search.
    
    See ‘Writing portable packages’ in the ‘Writing R Extensions’ manual.
Flavors: r-devel-linux-x86_64-fedora-clang, r-devel-linux-x86_64-fedora-gcc