Last updated on 2023-02-04 11:51:43 CET.
Flavor | Version | Tinstall | Tcheck | Ttotal | Status | Flags |
---|---|---|---|---|---|---|
r-devel-linux-x86_64-debian-clang | 0.4-1 | 1.57 | 24.54 | 26.11 | OK | |
r-devel-linux-x86_64-debian-gcc | 0.4-1 | 1.47 | 19.61 | 21.08 | OK | |
r-devel-linux-x86_64-fedora-clang | 0.4-1 | 35.68 | NOTE | |||
r-devel-linux-x86_64-fedora-gcc | 0.4-1 | 44.66 | OK | |||
r-devel-windows-x86_64 | 0.4-1 | 14.00 | 67.00 | 81.00 | OK | |
r-patched-linux-x86_64 | 0.4-1 | 1.64 | 25.11 | 26.75 | OK | |
r-release-linux-x86_64 | 0.4-1 | 2.22 | 25.02 | 27.24 | OK | |
r-release-macos-arm64 | 0.4-1 | 17.00 | OK | |||
r-release-macos-x86_64 | 0.4-1 | 23.00 | OK | |||
r-release-windows-x86_64 | 0.4-1 | 13.00 | 68.00 | 81.00 | OK | |
r-oldrel-macos-arm64 | 0.4-1 | 20.00 | OK | |||
r-oldrel-macos-x86_64 | 0.4-1 | 27.00 | OK | |||
r-oldrel-windows-ix86+x86_64 | 0.4-1 | 5.00 | 60.00 | 65.00 | OK |
Version: 0.4-1
Check: Rd cross-references
Result: NOTE
Undeclared package ‘microplot’ in Rd xrefs
Flavor: r-devel-linux-x86_64-fedora-clang