CRAN Package Check Results for Package oro.nifti

Last updated on 2021-10-21 11:53:10 CEST.

Flavor Version Tinstall Tcheck Ttotal Status Flags
r-devel-linux-x86_64-debian-clang 0.11.0 23.93 101.12 125.05 NOTE
r-devel-linux-x86_64-debian-gcc 0.11.0 17.20 76.44 93.64 NOTE
r-devel-linux-x86_64-fedora-clang 0.11.0 158.42 NOTE
r-devel-linux-x86_64-fedora-gcc 0.11.0 147.09 NOTE
r-devel-windows-x86_64 0.11.0 32.00 140.00 172.00 NOTE
r-devel-windows-x86_64-gcc10-UCRT 0.11.0 NOTE
r-patched-linux-x86_64 0.11.0 27.26 98.65 125.91 NOTE
r-patched-solaris-x86 0.11.0 188.50 NOTE
r-release-linux-x86_64 0.11.0 23.46 99.04 122.50 NOTE
r-release-macos-arm64 0.11.0 NOTE
r-release-macos-x86_64 0.11.0 NOTE
r-release-windows-ix86+x86_64 0.11.0 25.00 134.00 159.00 NOTE
r-oldrel-macos-x86_64 0.11.0 NOTE
r-oldrel-windows-ix86+x86_64 0.11.0 36.00 126.00 162.00 NOTE

Check Details

Version: 0.11.0
Check: LazyData
Result: NOTE
     'LazyData' is specified without a 'data' directory
     'LazyDataCompression' is specified without a 'data' directory
Flavors: r-devel-linux-x86_64-debian-clang, r-devel-linux-x86_64-debian-gcc, r-devel-linux-x86_64-fedora-clang, r-devel-linux-x86_64-fedora-gcc, r-devel-windows-x86_64, r-devel-windows-x86_64-gcc10-UCRT, r-patched-linux-x86_64, r-patched-solaris-x86, r-release-linux-x86_64, r-release-macos-arm64, r-release-macos-x86_64, r-release-windows-ix86+x86_64

Version: 0.11.0
Check: installed package size
Result: NOTE
     installed size is 6.6Mb
     sub-directories of 1Mb or more:
     R 1.0Mb
     nifti 3.8Mb
Flavors: r-devel-linux-x86_64-fedora-clang, r-devel-windows-x86_64, r-patched-solaris-x86, r-release-macos-arm64, r-release-macos-x86_64, r-release-windows-ix86+x86_64, r-oldrel-macos-x86_64, r-oldrel-windows-ix86+x86_64