CRAN Package Check Results for Package oro.nifti

Last updated on 2021-08-01 23:49:34 CEST.

Flavor Version Tinstall Tcheck Ttotal Status Flags
r-devel-linux-x86_64-debian-clang 0.11.0 24.25 105.23 129.48 NOTE
r-devel-linux-x86_64-debian-gcc 0.11.0 17.16 79.09 96.25 NOTE
r-devel-linux-x86_64-fedora-clang 0.11.0 157.14 NOTE
r-devel-linux-x86_64-fedora-gcc 0.11.0 145.22 NOTE
r-devel-windows-x86_64 0.11.0 25.00 130.00 155.00 NOTE
r-devel-windows-x86_64-gcc10-UCRT 0.11.0 NOTE
r-patched-linux-x86_64 0.11.0 NOTE
r-patched-solaris-x86 0.11.0 182.00 NOTE
r-release-linux-x86_64 0.11.0 23.67 99.83 123.50 NOTE
r-release-macos-arm64 0.11.0 NOTE
r-release-macos-x86_64 0.11.0 NOTE
r-release-windows-ix86+x86_64 0.11.0 35.00 131.00 166.00 NOTE
r-oldrel-macos-x86_64 0.11.0 NOTE
r-oldrel-windows-ix86+x86_64 0.11.0 23.00 132.00 155.00 NOTE

Check Details

Version: 0.11.0
Check: LazyData
Result: NOTE
     'LazyData' is specified without a 'data' directory
     'LazyDataCompression' is specified without a 'data' directory
Flavors: r-devel-linux-x86_64-debian-clang, r-devel-linux-x86_64-debian-gcc, r-devel-linux-x86_64-fedora-clang, r-devel-linux-x86_64-fedora-gcc, r-devel-windows-x86_64, r-devel-windows-x86_64-gcc10-UCRT, r-patched-linux-x86_64, r-patched-solaris-x86, r-release-linux-x86_64, r-release-macos-arm64, r-release-macos-x86_64, r-release-windows-ix86+x86_64

Version: 0.11.0
Check: installed package size
Result: NOTE
     installed size is 6.6Mb
     sub-directories of 1Mb or more:
     R 1.0Mb
     nifti 3.8Mb
Flavors: r-devel-linux-x86_64-fedora-clang, r-devel-windows-x86_64, r-patched-solaris-x86, r-release-macos-arm64, r-release-macos-x86_64, r-release-windows-ix86+x86_64, r-oldrel-macos-x86_64, r-oldrel-windows-ix86+x86_64