CRAN Package Check Results for Package oro.pet

Last updated on 2021-06-18 05:48:53 CEST.

Flavor Version Tinstall Tcheck Ttotal Status Flags
r-devel-linux-x86_64-debian-clang 0.2.6 9.94 81.36 91.30 OK
r-devel-linux-x86_64-debian-gcc 0.2.6 7.35 61.44 68.79 OK
r-devel-linux-x86_64-fedora-clang 0.2.6 114.84 NOTE
r-devel-linux-x86_64-fedora-gcc 0.2.6 103.91 NOTE
r-devel-windows-x86_64 0.2.6 17.00 78.00 95.00 OK
r-devel-windows-x86_64-gcc10-UCRT 0.2.6 NOTE
r-patched-linux-x86_64 0.2.6 9.48 77.95 87.43 OK
r-patched-solaris-x86 0.2.6 151.40 NOTE
r-release-linux-x86_64 0.2.6 7.78 78.14 85.92 OK
r-release-macos-arm64 0.2.6 NOTE
r-release-macos-x86_64 0.2.6 NOTE
r-release-windows-ix86+x86_64 0.2.6 22.00 97.00 119.00 OK
r-oldrel-macos-x86_64 0.2.6 NOTE
r-oldrel-windows-ix86+x86_64 0.2.6 16.00 99.00 115.00 OK

Check Details

Version: 0.2.6
Check: dependencies in R code
Result: NOTE
    Namespace in Imports field not imported from: ‘grDevices’
     All declared Imports should be used.
Flavors: r-devel-linux-x86_64-fedora-clang, r-devel-linux-x86_64-fedora-gcc, r-devel-windows-x86_64-gcc10-UCRT, r-patched-solaris-x86, r-release-macos-arm64, r-release-macos-x86_64, r-oldrel-macos-x86_64