CRAN Package Check Results for Package orthopolynom

Last updated on 2021-12-04 17:51:59 CET.

Flavor Version Tinstall Tcheck Ttotal Status Flags
r-devel-linux-x86_64-debian-clang 1.0-5 5.80 47.66 53.46 NOTE
r-devel-linux-x86_64-debian-gcc 1.0-5 4.20 37.47 41.67 NOTE
r-devel-linux-x86_64-fedora-clang 1.0-5 67.06 NOTE
r-devel-linux-x86_64-fedora-gcc 1.0-5 55.43 NOTE
r-devel-windows-x86_64-new-UL 1.0-5 19.00 81.00 100.00 NOTE
r-devel-windows-x86_64-new-TK 1.0-5 NOTE
r-devel-windows-x86_64-old 1.0-5 9.00 49.00 58.00 NOTE
r-patched-linux-x86_64 1.0-5 6.29 37.82 44.11 NOTE
r-release-linux-x86_64 1.0-5 5.06 38.08 43.14 NOTE
r-release-macos-arm64 1.0-5 NOTE
r-release-macos-x86_64 1.0-5 NOTE
r-release-windows-ix86+x86_64 1.0-5 10.00 63.00 73.00 NOTE
r-oldrel-macos-x86_64 1.0-5 NOTE
r-oldrel-windows-ix86+x86_64 1.0-5 27.00 60.00 87.00 NOTE

Check Details

Version: 1.0-5
Check: dependencies in R code
Result: NOTE
    'library' or 'require' call to 'polynom' which was already attached by Depends.
     Please remove these calls from your code.
    Package in Depends field not imported from: 'polynom'
     These packages need to be imported from (in the NAMESPACE file)
     for when this namespace is loaded but not attached.
Flavors: r-devel-linux-x86_64-debian-clang, r-devel-linux-x86_64-debian-gcc, r-devel-linux-x86_64-fedora-clang, r-devel-linux-x86_64-fedora-gcc, r-devel-windows-x86_64-new-UL, r-devel-windows-x86_64-new-TK, r-devel-windows-x86_64-old, r-patched-linux-x86_64, r-release-linux-x86_64, r-release-macos-arm64, r-release-macos-x86_64, r-release-windows-ix86+x86_64, r-oldrel-macos-x86_64, r-oldrel-windows-ix86+x86_64

Version: 1.0-5
Check: R code for possible problems
Result: NOTE
    chebyshev.c.polynomials: no visible global function definition for
     'polynomial'
    chebyshev.s.polynomials: no visible global function definition for
     'polynomial'
    chebyshev.t.polynomials: no visible global function definition for
     'polynomial'
    chebyshev.u.polynomials: no visible global function definition for
     'polynomial'
    gegenbauer.polynomials: no visible global function definition for
     'polynomial'
    ghermite.h.polynomials: no visible global function definition for
     'polynomial'
    glaguerre.polynomials: no visible global function definition for
     'polynomial'
    hermite.h.polynomials: no visible global function definition for
     'polynomial'
    hermite.he.polynomials: no visible global function definition for
     'polynomial'
    jacobi.g.polynomials: no visible global function definition for
     'polynomial'
    jacobi.p.polynomials: no visible global function definition for
     'polynomial'
    legendre.polynomials: no visible global function definition for
     'polynomial'
    monic.polynomials: no visible global function definition for
     'polynomial'
    orthogonal.polynomials: no visible global function definition for
     'polynomial'
    orthonormal.polynomials: no visible global function definition for
     'polynomial'
    polynomial.derivatives: no visible global function definition for
     'deriv'
    polynomial.integrals: no visible global function definition for
     'integral'
    polynomial.values: no visible global function definition for 'predict'
    schebyshev.t.polynomials: no visible global function definition for
     'polynomial'
    schebyshev.u.polynomials: no visible global function definition for
     'polynomial'
    slegendre.polynomials: no visible global function definition for
     'polynomial'
    Undefined global functions or variables:
     deriv integral polynomial predict
    Consider adding
     importFrom("stats", "deriv", "predict")
    to your NAMESPACE file.
Flavors: r-devel-linux-x86_64-debian-clang, r-devel-linux-x86_64-debian-gcc, r-devel-linux-x86_64-fedora-clang, r-devel-linux-x86_64-fedora-gcc, r-devel-windows-x86_64-new-UL, r-devel-windows-x86_64-new-TK, r-devel-windows-x86_64-old, r-patched-linux-x86_64, r-release-linux-x86_64, r-release-macos-arm64, r-release-macos-x86_64, r-release-windows-ix86+x86_64, r-oldrel-macos-x86_64, r-oldrel-windows-ix86+x86_64