CRAN Package Check Results for Package osmdata

Last updated on 2022-01-26 11:53:46 CET.

Flavor Version Tinstall Tcheck Ttotal Status Flags
r-devel-linux-x86_64-debian-clang 0.1.8 82.03 100.84 182.87 OK
r-devel-linux-x86_64-debian-gcc 0.1.8 63.75 76.02 139.77 OK
r-devel-linux-x86_64-fedora-clang 0.1.8 250.12 NOTE
r-devel-linux-x86_64-fedora-gcc 0.1.8 228.76 OK
r-devel-windows-x86_64-new-UL 0.1.8 123.00 164.00 287.00 NOTE
r-devel-windows-x86_64-new-TK 0.1.8 OK
r-patched-linux-x86_64 0.1.8 72.26 92.84 165.10 OK
r-release-linux-x86_64 0.1.8 75.87 93.13 169.00 OK
r-release-macos-arm64 0.1.8 NOTE
r-release-macos-x86_64 0.1.8 NOTE
r-release-windows-ix86+x86_64 0.1.8 187.00 163.00 350.00 NOTE
r-oldrel-macos-x86_64 0.1.8 NOTE
r-oldrel-windows-ix86+x86_64 0.1.8 189.00 164.00 353.00 NOTE

Check Details

Version: 0.1.8
Check: installed package size
Result: NOTE
     installed size is 11.2Mb
     sub-directories of 1Mb or more:
     doc 4.3Mb
     libs 5.9Mb
Flavors: r-devel-linux-x86_64-fedora-clang, r-devel-windows-x86_64-new-UL, r-release-macos-arm64, r-release-macos-x86_64, r-release-windows-ix86+x86_64, r-oldrel-macos-x86_64, r-oldrel-windows-ix86+x86_64