CRAN Package Check Results for Package otinference

Last updated on 2022-05-26 23:53:02 CEST.

Flavor Version Tinstall Tcheck Ttotal Status Flags
r-devel-linux-x86_64-debian-clang 0.1.0 2.34 30.63 32.97 OK
r-devel-linux-x86_64-debian-gcc 0.1.0 1.88 25.80 27.68 OK
r-devel-linux-x86_64-fedora-clang 0.1.0 40.64 NOTE
r-devel-linux-x86_64-fedora-gcc 0.1.0 28.70 NOTE
r-devel-windows-x86_64 0.1.0 7.00 45.00 52.00 NOTE
r-patched-linux-x86_64 0.1.0 2.09 28.87 30.96 OK
r-release-linux-x86_64 0.1.0 1.44 29.24 30.68 OK
r-release-macos-arm64 0.1.0 16.00 NOTE
r-release-macos-x86_64 0.1.0 19.00 NOTE
r-release-windows-x86_64 0.1.0 15.00 47.00 62.00 NOTE
r-oldrel-macos-arm64 0.1.0 20.00 NOTE
r-oldrel-macos-x86_64 0.1.0 25.00 NOTE
r-oldrel-windows-ix86+x86_64 0.1.0 5.00 37.00 42.00 NOTE

Check Details

Version: 0.1.0
Check: package dependencies
Result: NOTE
    Package suggested but not available for checking: ‘Rcplex’
Flavors: r-devel-linux-x86_64-fedora-clang, r-devel-linux-x86_64-fedora-gcc, r-devel-windows-x86_64, r-release-macos-arm64, r-release-macos-x86_64, r-release-windows-x86_64, r-oldrel-macos-arm64, r-oldrel-macos-x86_64, r-oldrel-windows-ix86+x86_64