Last updated on 2021-01-26 05:48:25 CET.
Flavor | Version | Tinstall | Tcheck | Ttotal | Status | Flags |
---|---|---|---|---|---|---|
r-devel-linux-x86_64-debian-clang | 0.1.3 | 2.65 | 31.38 | 34.03 | OK | |
r-devel-linux-x86_64-debian-gcc | 0.1.3 | 2.44 | 24.60 | 27.04 | OK | |
r-devel-linux-x86_64-fedora-clang | 0.1.3 | 50.23 | NOTE | |||
r-devel-linux-x86_64-fedora-gcc | 0.1.3 | 62.12 | NOTE | |||
r-devel-windows-ix86+x86_64 | 0.1.3 | 7.00 | 44.00 | 51.00 | OK | |
r-patched-linux-x86_64 | 0.1.3 | 3.01 | 30.32 | 33.33 | OK | |
r-patched-solaris-x86 | 0.1.3 | 62.20 | NOTE | |||
r-release-linux-x86_64 | 0.1.3 | 3.09 | 30.67 | 33.76 | OK | |
r-release-macos-x86_64 | 0.1.3 | NOTE | ||||
r-release-windows-ix86+x86_64 | 0.1.3 | 7.00 | 41.00 | 48.00 | OK | |
r-oldrel-macos-x86_64 | 0.1.3 | NOTE | ||||
r-oldrel-windows-ix86+x86_64 | 0.1.3 | 5.00 | 41.00 | 46.00 | OK |
Version: 0.1.3
Check: dependencies in R code
Result: NOTE
Namespaces in Imports field not imported from:
‘jsonlite’ ‘praise’ ‘withr’
All declared Imports should be used.
Flavors: r-devel-linux-x86_64-fedora-clang, r-devel-linux-x86_64-fedora-gcc, r-patched-solaris-x86, r-release-macos-x86_64, r-oldrel-macos-x86_64
Version: 0.1.3
Check: package dependencies
Result: NOTE
Package suggested but not available for checking: ‘ssh’
Flavor: r-patched-solaris-x86