CRAN Package Check Results for Package owdbr

Last updated on 2019-11-13 17:47:19 CET.

Flavor Version Tinstall Tcheck Ttotal Status Flags
r-devel-linux-x86_64-debian-clang 1.0.1.1 2.61 22.24 24.85 OK
r-devel-linux-x86_64-debian-gcc 1.0.1.1 2.08 17.75 19.83 OK
r-devel-linux-x86_64-fedora-clang 1.0.1.1 21.99 OK
r-devel-linux-x86_64-fedora-gcc 1.0.1.1 31.12 OK
r-devel-windows-ix86+x86_64 1.0.1.1 8.00 43.00 51.00 OK
r-patched-linux-x86_64 1.0.1.0 2.28 21.25 23.53 NOTE
r-patched-solaris-x86 1.0.1.1 44.80 OK
r-release-linux-x86_64 1.0.1.1 2.02 21.28 23.30 NOTE
r-release-windows-ix86+x86_64 1.0.1.1 10.00 46.00 56.00 OK
r-release-osx-x86_64 1.0.1.1 OK
r-oldrel-windows-ix86+x86_64 1.0.1.0 4.00 51.00 55.00 OK
r-oldrel-osx-x86_64 1.0.1.1 OK

Check Details

Version: 1.0.1.0
Check: DESCRIPTION meta-information
Result: NOTE
    Dependence on R version ‘3.4.4’ not with patchlevel 0
Flavor: r-patched-linux-x86_64

Version: 1.0.1.1
Check: DESCRIPTION meta-information
Result: NOTE
    Dependence on R version ‘3.4.4’ not with patchlevel 0
Flavor: r-release-linux-x86_64