CRAN Package Check Results for Package oysteR

Last updated on 2021-09-16 11:53:30 CEST.

Flavor Version Tinstall Tcheck Ttotal Status Flags
r-devel-linux-x86_64-debian-clang 0.1.1 4.54 47.41 51.95 NOTE
r-devel-linux-x86_64-debian-gcc 0.1.1 3.69 35.69 39.38 NOTE
r-devel-linux-x86_64-fedora-clang 0.1.1 72.70 NOTE
r-devel-linux-x86_64-fedora-gcc 0.1.1 57.68 NOTE
r-devel-windows-x86_64 0.1.1 6.00 65.00 71.00 NOTE
r-devel-windows-x86_64-gcc10-UCRT 0.0.1 NOTE
r-patched-linux-x86_64 0.1.1 4.39 43.53 47.92 NOTE
r-patched-solaris-x86 0.1.1 91.90 NOTE
r-release-linux-x86_64 0.1.1 3.98 44.15 48.13 NOTE
r-release-macos-arm64 0.1.1 NOTE
r-release-macos-x86_64 0.1.1 NOTE
r-release-windows-ix86+x86_64 0.1.1 11.00 51.00 62.00 NOTE
r-oldrel-macos-x86_64 0.1.1 OK
r-oldrel-windows-ix86+x86_64 0.1.1 9.00 61.00 70.00 OK

Additional issues

donttest

Check Details

Version: 0.1.1
Check: LazyData
Result: NOTE
     'LazyData' is specified without a 'data' directory
Flavors: r-devel-linux-x86_64-debian-clang, r-devel-linux-x86_64-debian-gcc, r-devel-linux-x86_64-fedora-clang, r-devel-linux-x86_64-fedora-gcc, r-devel-windows-x86_64, r-devel-windows-x86_64-gcc10-UCRT, r-patched-linux-x86_64, r-patched-solaris-x86, r-release-linux-x86_64, r-release-macos-arm64, r-release-macos-x86_64, r-release-windows-ix86+x86_64