Last updated on 2024-04-20 00:04:32 CEST.
Flavor | Version | Tinstall | Tcheck | Ttotal | Status | Flags |
---|---|---|---|---|---|---|
r-devel-linux-x86_64-debian-clang | 0.4.5 | 10.01 | 75.36 | 85.37 | OK | |
r-devel-linux-x86_64-debian-gcc | 0.4.5 | OK | ||||
r-devel-linux-x86_64-fedora-clang | 0.4.5 | 109.76 | OK | |||
r-devel-linux-x86_64-fedora-gcc | 0.4.5 | 126.58 | OK | |||
r-prerel-macos-arm64 | 0.4.5 | 41.00 | OK | |||
r-prerel-windows-x86_64 | 0.4.5 | 10.00 | 74.00 | 84.00 | OK | |
r-patched-linux-x86_64 | 0.4.5 | 11.28 | 73.23 | 84.51 | OK | |
r-release-linux-x86_64 | 0.4.5 | 11.24 | 72.12 | 83.36 | OK | |
r-release-macos-arm64 | 0.4.5 | 42.00 | NOTE | |||
r-release-macos-x86_64 | 0.4.5 | 72.00 | OK | |||
r-release-windows-x86_64 | 0.4.5 | 12.00 | 84.00 | 96.00 | OK | |
r-oldrel-macos-arm64 | 0.4.5 | 36.00 | NOTE | |||
r-oldrel-windows-x86_64 | 0.4.5 | 14.00 | 87.00 | 101.00 | OK |
Version: 0.4.5
Check: installed package size
Result: NOTE
installed size is 5.1Mb
sub-directories of 1Mb or more:
data 4.0Mb
Flavors: r-release-macos-arm64, r-oldrel-macos-arm64