CRAN Package Check Results for Package packDAMipd

Last updated on 2022-10-04 11:50:18 CEST.

Flavor Version Tinstall Tcheck Ttotal Status Flags
r-devel-linux-x86_64-debian-clang 0.2.2 30.32 372.69 403.01 OK
r-devel-linux-x86_64-debian-gcc 0.2.2 24.33 272.35 296.68 OK
r-devel-linux-x86_64-fedora-clang 0.2.2 503.15 NOTE
r-devel-linux-x86_64-fedora-gcc 0.2.2 494.65 NOTE
r-devel-windows-x86_64 0.2.2 108.00 486.00 594.00 OK
r-patched-linux-x86_64 0.2.2 29.78 340.47 370.25 OK
r-release-linux-x86_64 0.2.2 27.71 344.78 372.49 OK
r-release-macos-arm64 0.2.2 122.00 NOTE
r-release-macos-x86_64 0.2.2 207.00 NOTE
r-release-windows-x86_64 0.2.2 104.00 477.00 581.00 OK
r-oldrel-macos-arm64 0.2.2 187.00 NOTE
r-oldrel-macos-x86_64 0.2.2 267.00 NOTE
r-oldrel-windows-ix86+x86_64 0.2.2 69.00 486.00 555.00 OK

Check Details

Version: 0.2.2
Check: package dependencies
Result: NOTE
    Imports includes 29 non-default packages.
    Importing from so many packages makes the package vulnerable to any of
    them becoming unavailable. Move as many as possible to Suggests and
    use conditionally.
Flavor: r-devel-linux-x86_64-fedora-clang

Version: 0.2.2
Check: dependencies in R code
Result: NOTE
    Namespaces in Imports field not imported from:
     ‘flexsurv’ ‘nlme’ ‘tibble’ ‘tidyverse’ ‘tm’
     All declared Imports should be used.
Flavors: r-devel-linux-x86_64-fedora-clang, r-devel-linux-x86_64-fedora-gcc, r-release-macos-arm64, r-release-macos-x86_64, r-oldrel-macos-arm64, r-oldrel-macos-x86_64