Last updated on 2024-08-16 11:49:47 CEST.
Flavor | Version | Tinstall | Tcheck | Ttotal | Status | Flags |
---|---|---|---|---|---|---|
r-devel-linux-x86_64-debian-clang | 0.5.1 | 2.73 | 29.11 | 31.84 | OK | |
r-devel-linux-x86_64-debian-gcc | 0.5.1 | 2.69 | 21.12 | 23.81 | OK | |
r-devel-linux-x86_64-fedora-clang | 0.5.1 | 50.80 | NOTE | |||
r-devel-linux-x86_64-fedora-gcc | 0.5.1 | 50.52 | OK | |||
r-devel-windows-x86_64 | 0.5.1 | 5.00 | 55.00 | 60.00 | OK | |
r-patched-linux-x86_64 | 0.5.1 | 3.62 | 27.57 | 31.19 | OK | |
r-release-linux-x86_64 | 0.5.1 | 3.03 | 27.38 | 30.41 | OK | |
r-release-macos-arm64 | 0.5.1 | 20.00 | OK | |||
r-release-macos-x86_64 | 0.5.1 | 37.00 | OK | |||
r-release-windows-x86_64 | 0.5.1 | 6.00 | 57.00 | 63.00 | OK | |
r-oldrel-macos-arm64 | 0.5.1 | 20.00 | OK | |||
r-oldrel-macos-x86_64 | 0.5.1 | 30.00 | OK | |||
r-oldrel-windows-x86_64 | 0.5.1 | 6.00 | 60.00 | 66.00 | OK |
Version: 0.5.1
Check: Rd cross-references
Result: NOTE
Undeclared package ‘devtools’ in Rd xrefs
Flavor: r-devel-linux-x86_64-fedora-clang