CRAN Package Check Results for Package pacviz

Last updated on 2023-09-30 06:08:47 CEST.

Flavor Version Tinstall Tcheck Ttotal Status Flags
r-devel-linux-x86_64-debian-clang 1.0.3 2.41 32.95 35.36 OK
r-devel-linux-x86_64-debian-gcc 1.0.3 2.34 25.88 28.22 OK
r-devel-linux-x86_64-fedora-clang 1.0.3 44.90 NOTE
r-devel-linux-x86_64-fedora-gcc 1.0.3 56.54 NOTE
r-devel-windows-x86_64 1.0.3 4.00 49.00 53.00 OK
r-patched-linux-x86_64 1.0.3 3.23 32.35 35.58 OK
r-release-linux-x86_64 1.0.3 3.17 32.03 35.20 OK
r-release-macos-arm64 1.0.3 27.00 OK
r-release-macos-x86_64 1.0.3 36.00 OK
r-release-windows-x86_64 1.0.3 5.00 52.00 57.00 OK
r-oldrel-macos-arm64 1.0.3 22.00 OK
r-oldrel-macos-x86_64 1.0.3 28.00 OK
r-oldrel-windows-x86_64 1.0.3 5.00 53.00 58.00 OK

Check Details

Version: 1.0.3
Check: dependencies in R code
Result: NOTE
    Namespace in Imports field not imported from: ‘e1071’
     All declared Imports should be used.
Flavors: r-devel-linux-x86_64-fedora-clang, r-devel-linux-x86_64-fedora-gcc