CRAN Package Check Results for Package pamctdp

Last updated on 2021-05-15 23:49:22 CEST.

Flavor Version Tinstall Tcheck Ttotal Status Flags
r-devel-linux-x86_64-debian-clang 0.3.2 7.16 65.82 72.98 OK
r-devel-linux-x86_64-debian-gcc 0.3.2 6.21 48.74 54.95 OK
r-devel-linux-x86_64-fedora-clang 0.3.2 96.43 NOTE
r-devel-linux-x86_64-fedora-gcc 0.3.2 80.79 NOTE
r-devel-windows-ix86+x86_64 0.3.2 19.00 62.00 81.00 OK
r-devel-windows-x86_64-gcc10-UCRT 0.3.2 NOTE
r-patched-linux-x86_64 0.3.2 7.10 61.20 68.30 OK
r-patched-solaris-x86 0.3.2 115.70 NOTE
r-release-linux-x86_64 0.3.2 7.35 59.64 66.99 OK
r-release-macos-x86_64 0.3.2 NOTE
r-release-windows-ix86+x86_64 0.3.2 13.00 81.00 94.00 OK
r-oldrel-macos-x86_64 0.3.2 NOTE
r-oldrel-windows-ix86+x86_64 0.3.2 17.00 72.00 89.00 OK

Check Details

Version: 0.3.2
Check: data for non-ASCII characters
Result: NOTE
     Note: found 34 marked UTF-8 strings
Flavors: r-devel-linux-x86_64-fedora-clang, r-devel-linux-x86_64-fedora-gcc, r-devel-windows-x86_64-gcc10-UCRT, r-patched-solaris-x86, r-release-macos-x86_64, r-oldrel-macos-x86_64