CRAN Package Check Results for Package pamctdp

Last updated on 2019-04-20 05:49:35 CEST.

Flavor Version Tinstall Tcheck Ttotal Status Flags
r-devel-linux-x86_64-debian-clang 0.3.2 5.43 46.74 52.17 OK
r-devel-linux-x86_64-debian-gcc 0.3.2 4.87 40.45 45.32 OK
r-devel-linux-x86_64-fedora-clang 0.3.2 61.65 NOTE
r-devel-linux-x86_64-fedora-gcc 0.3.2 57.70 NOTE
r-devel-windows-ix86+x86_64 0.3.2 20.00 87.00 107.00 OK
r-patched-linux-x86_64 0.3.2 5.83 45.59 51.42 OK
r-patched-solaris-x86 0.3.2 89.50 NOTE
r-release-linux-x86_64 0.3.2 3.33 43.08 46.41 OK
r-release-windows-ix86+x86_64 0.3.2 7.00 99.00 106.00 OK
r-release-osx-x86_64 0.3.2 NOTE
r-oldrel-windows-ix86+x86_64 0.3.2 11.00 81.00 92.00 OK
r-oldrel-osx-x86_64 0.3.2 NOTE

Check Details

Version: 0.3.2
Check: data for non-ASCII characters
Result: NOTE
     Note: found 34 marked UTF-8 strings
Flavors: r-devel-linux-x86_64-fedora-clang, r-devel-linux-x86_64-fedora-gcc, r-patched-solaris-x86, r-release-osx-x86_64, r-oldrel-osx-x86_64