CRAN Package Check Results for Package pamctdp

Last updated on 2019-06-23 11:48:19 CEST.

Flavor Version Tinstall Tcheck Ttotal Status Flags
r-devel-linux-x86_64-debian-clang 0.3.2 5.44 46.47 51.91 OK
r-devel-linux-x86_64-debian-gcc 0.3.2 4.75 36.91 41.66 OK
r-devel-linux-x86_64-fedora-clang 0.3.2 62.76 NOTE
r-devel-linux-x86_64-fedora-gcc 0.3.2 59.40 NOTE
r-devel-windows-ix86+x86_64 0.3.2 18.00 62.00 80.00 OK
r-patched-linux-x86_64 0.3.2 5.56 45.89 51.45 OK
r-patched-solaris-x86 0.3.2 90.70 NOTE
r-release-linux-x86_64 0.3.2 5.63 46.16 51.79 OK
r-release-windows-ix86+x86_64 0.3.2 13.00 92.00 105.00 OK
r-release-osx-x86_64 0.3.2 NOTE
r-oldrel-windows-ix86+x86_64 0.3.2 7.00 97.00 104.00 OK
r-oldrel-osx-x86_64 0.3.2 NOTE

Check Details

Version: 0.3.2
Check: data for non-ASCII characters
Result: NOTE
     Note: found 34 marked UTF-8 strings
Flavors: r-devel-linux-x86_64-fedora-clang, r-devel-linux-x86_64-fedora-gcc, r-patched-solaris-x86, r-release-osx-x86_64, r-oldrel-osx-x86_64