CRAN Package Check Results for Package papaja

Last updated on 2024-02-25 11:54:20 CET.

Flavor Version Tinstall Tcheck Ttotal Status Flags
r-devel-linux-x86_64-debian-clang 0.1.2 12.33 225.84 238.17 NOTE
r-devel-linux-x86_64-debian-gcc 0.1.2 9.65 165.02 174.67 NOTE
r-devel-linux-x86_64-fedora-clang 0.1.2 304.80 NOTE
r-devel-linux-x86_64-fedora-gcc 0.1.2 306.58 NOTE
r-devel-windows-x86_64 0.1.2 14.00 181.00 195.00 OK
r-patched-linux-x86_64 0.1.2 10.59 215.67 226.26 OK
r-release-linux-x86_64 0.1.2 7.85 217.13 224.98 OK
r-release-macos-arm64 0.1.2 81.00 OK
r-release-macos-x86_64 0.1.2 389.00 OK
r-release-windows-x86_64 0.1.2 22.00 225.00 247.00 OK
r-oldrel-macos-arm64 0.1.2 62.00 OK
r-oldrel-windows-x86_64 0.1.2 21.00 204.00 225.00 OK

Check Details

Version: 0.1.2
Check: Rd files
Result: NOTE checkRd: (-1) apa_print.htest.Rd:58: Lost braces 58 | [here]{https://github.com/crsh/papaja/issues} (please include | ^ checkRd: (-1) init_apa_results.Rd:15-16: Lost braces 15 | \item{\code{full_result}}{A (named list of) character strings comprised of \code{estimate} and \verb{statistic`` for each factor.\} \\item\{}table`}{A data frame containing all results; can, for example, be passed to \code{\link[=apa_table]{apa_table()}}. | ^ Flavors: r-devel-linux-x86_64-debian-clang, r-devel-linux-x86_64-debian-gcc, r-devel-linux-x86_64-fedora-clang, r-devel-linux-x86_64-fedora-gcc