Last updated on 2024-08-31 23:49:10 CEST.
Flavor | Version | Tinstall | Tcheck | Ttotal | Status | Flags |
---|---|---|---|---|---|---|
r-devel-linux-x86_64-debian-clang | 0.1.0 | 280.53 | 202.72 | 483.25 | OK | |
r-devel-linux-x86_64-debian-gcc | 0.1.0 | 245.80 | 160.42 | 406.22 | OK | |
r-devel-linux-x86_64-fedora-clang | 0.1.0 | 746.43 | NOTE | |||
r-devel-linux-x86_64-fedora-gcc | 0.1.0 | 1014.54 | NOTE | |||
r-devel-windows-x86_64 | 0.1.0 | 261.00 | 256.00 | 517.00 | OK | |
r-patched-linux-x86_64 | 0.1.0 | 329.98 | 219.41 | 549.39 | OK | |
r-release-linux-x86_64 | 0.1.0 | 315.88 | 218.77 | 534.65 | OK | |
r-release-macos-arm64 | 0.1.0 | 192.00 | NOTE | |||
r-release-macos-x86_64 | 0.1.0 | 461.00 | NOTE | |||
r-release-windows-x86_64 | 0.1.0 | 247.00 | 247.00 | 494.00 | OK | |
r-oldrel-macos-arm64 | 0.1.0 | 187.00 | NOTE | |||
r-oldrel-macos-x86_64 | 0.1.0 | 355.00 | NOTE | |||
r-oldrel-windows-x86_64 | 0.1.0 | 352.00 | 308.00 | 660.00 | OK |
Version: 0.1.0
Check: for GNU extensions in Makefiles
Result: NOTE
GNU make is a SystemRequirements.
Flavors: r-devel-linux-x86_64-fedora-clang, r-devel-linux-x86_64-fedora-gcc, r-release-macos-arm64, r-release-macos-x86_64, r-oldrel-macos-arm64, r-oldrel-macos-x86_64
Version: 0.1.0
Check: installed package size
Result: NOTE
installed size is 84.1Mb
sub-directories of 1Mb or more:
libs 83.6Mb
Flavors: r-release-macos-arm64, r-release-macos-x86_64, r-oldrel-macos-arm64, r-oldrel-macos-x86_64