CRAN Package Check Results for Package parallelDist

Last updated on 2021-09-16 05:50:24 CEST.

Flavor Version Tinstall Tcheck Ttotal Status Flags
r-devel-linux-x86_64-debian-clang 0.2.4 71.95 254.90 326.85 NOTE
r-devel-linux-x86_64-debian-gcc 0.2.4 50.73 172.72 223.45 NOTE
r-devel-linux-x86_64-fedora-clang 0.2.4 402.10 NOTE
r-devel-linux-x86_64-fedora-gcc 0.2.4 377.44 NOTE
r-devel-windows-x86_64 0.2.4 70.00 304.00 374.00 NOTE
r-devel-windows-x86_64-gcc10-UCRT 0.2.4 NOTE
r-patched-linux-x86_64 0.2.4 60.89 228.88 289.77 NOTE
r-patched-solaris-x86 0.2.4 319.40 NOTE
r-release-linux-x86_64 0.2.4 63.45 226.22 289.67 NOTE
r-release-macos-arm64 0.2.4 NOTE
r-release-macos-x86_64 0.2.4 NOTE
r-release-windows-ix86+x86_64 0.2.4 174.00 374.00 548.00 NOTE
r-oldrel-macos-x86_64 0.2.4 OK
r-oldrel-windows-ix86+x86_64 0.2.4 133.00 538.00 671.00 OK

Check Details

Version: 0.2.4
Check: LazyData
Result: NOTE
     'LazyData' is specified without a 'data' directory
Flavors: r-devel-linux-x86_64-debian-clang, r-devel-linux-x86_64-debian-gcc, r-devel-linux-x86_64-fedora-clang, r-devel-linux-x86_64-fedora-gcc, r-devel-windows-x86_64, r-devel-windows-x86_64-gcc10-UCRT, r-patched-linux-x86_64, r-patched-solaris-x86, r-release-linux-x86_64, r-release-macos-arm64, r-release-macos-x86_64, r-release-windows-ix86+x86_64

Version: 0.2.4
Check: installed package size
Result: NOTE
     installed size is 5.4Mb
     sub-directories of 1Mb or more:
     libs 5.1Mb
Flavor: r-release-macos-arm64