Last updated on 2023-06-05 18:54:10 CEST.
Flavor | Version | Tinstall | Tcheck | Ttotal | Status | Flags |
---|---|---|---|---|---|---|
r-devel-linux-x86_64-debian-clang | 0.4.1 | 9.69 | 94.37 | 104.06 | OK | |
r-devel-linux-x86_64-debian-gcc | 0.4.1 | 9.24 | 71.74 | 80.98 | OK | |
r-devel-linux-x86_64-fedora-clang | 0.4.1 | 135.41 | NOTE | |||
r-devel-linux-x86_64-fedora-gcc | 0.4.1 | 132.46 | NOTE | |||
r-devel-windows-x86_64 | 0.4.1 | 10.00 | 87.00 | 97.00 | OK | |
r-patched-linux-x86_64 | 0.4.1 | 7.75 | 89.22 | 96.97 | OK | |
r-release-linux-x86_64 | 0.4.1 | 8.30 | 87.07 | 95.37 | OK | |
r-release-macos-arm64 | 0.4.1 | 45.00 | OK | |||
r-release-macos-x86_64 | 0.4.1 | 69.00 | OK | |||
r-release-windows-x86_64 | 0.4.1 | 14.00 | 100.00 | 114.00 | OK | |
r-oldrel-macos-arm64 | 0.4.1 | 28.00 | NOTE | |||
r-oldrel-macos-x86_64 | 0.4.1 | 71.00 | NOTE | |||
r-oldrel-windows-x86_64 | 0.4.1 | 14.00 | 105.00 | 119.00 | OK |
Version: 0.4.1
Check: data for non-ASCII characters
Result: NOTE
Note: found 16 marked UTF-8 strings
Flavors: r-devel-linux-x86_64-fedora-clang, r-devel-linux-x86_64-fedora-gcc, r-oldrel-macos-arm64, r-oldrel-macos-x86_64