Last updated on 2024-04-24 06:19:23 CEST.
Flavor | Version | Tinstall | Tcheck | Ttotal | Status | Flags |
---|---|---|---|---|---|---|
r-devel-linux-x86_64-debian-clang | 0.1.0 | 12.17 | 113.59 | 125.76 | OK | |
r-devel-linux-x86_64-debian-gcc | 0.1.0 | 9.09 | 81.98 | 91.07 | OK | |
r-devel-linux-x86_64-fedora-clang | 0.1.0 | 168.03 | NOTE | |||
r-devel-linux-x86_64-fedora-gcc | 0.1.0 | 153.71 | NOTE | |||
r-prerel-macos-arm64 | 0.1.0 | 48.00 | OK | |||
r-prerel-windows-x86_64 | 0.1.0 | 9.00 | 92.00 | 101.00 | OK | |
r-patched-linux-x86_64 | 0.1.0 | 10.99 | 107.63 | 118.62 | OK | |
r-release-linux-x86_64 | 0.1.0 | 7.06 | 108.27 | 115.33 | OK | |
r-release-macos-arm64 | 0.1.0 | 43.00 | OK | |||
r-release-macos-x86_64 | 0.1.0 | 84.00 | OK | |||
r-release-windows-x86_64 | 0.1.0 | 14.00 | 115.00 | 129.00 | OK | |
r-oldrel-macos-arm64 | 0.1.0 | 34.00 | NOTE | |||
r-oldrel-windows-x86_64 | 0.1.0 | 13.00 | 114.00 | 127.00 | OK |
Version: 0.1.0
Check: dependencies in R code
Result: NOTE
Namespace in Imports field not imported from: ‘flexsurv’
All declared Imports should be used.
Flavors: r-devel-linux-x86_64-fedora-clang, r-devel-linux-x86_64-fedora-gcc, r-oldrel-macos-arm64