Last updated on 2024-04-19 18:05:36 CEST.
Flavor | Version | Tinstall | Tcheck | Ttotal | Status | Flags |
---|---|---|---|---|---|---|
r-devel-linux-x86_64-debian-clang | 1.2.7 | 9.74 | 114.13 | 123.87 | NOTE | |
r-devel-linux-x86_64-debian-gcc | 1.2.7 | NOTE | ||||
r-devel-linux-x86_64-fedora-clang | 1.2.7 | 154.55 | NOTE | |||
r-devel-linux-x86_64-fedora-gcc | 1.2.7 | 151.66 | NOTE | |||
r-prerel-macos-arm64 | 1.2.7 | 45.00 | NOTE | |||
r-prerel-windows-x86_64 | 1.2.7 | 14.00 | 111.00 | 125.00 | NOTE | |
r-patched-linux-x86_64 | 1.2.7 | 17.33 | 109.17 | 126.50 | NOTE | |
r-release-linux-x86_64 | 1.2.7 | 11.75 | 113.96 | 125.71 | OK | |
r-release-macos-arm64 | 1.2.7 | 57.00 | OK | |||
r-release-macos-x86_64 | 1.2.7 | 93.00 | OK | |||
r-release-windows-x86_64 | 1.2.7 | 16.00 | 132.00 | 148.00 | OK | |
r-oldrel-macos-arm64 | 1.2.7 | 51.00 | OK | |||
r-oldrel-windows-x86_64 | 1.2.7 | 18.00 | 137.00 | 155.00 | OK |
Version: 1.2.7
Check: Rd files
Result: NOTE
checkRd: (-1) summary.parsec.Rd:13-14: Lost braces in \itemize; meant \describe ?
Flavors: r-devel-linux-x86_64-debian-clang, r-devel-linux-x86_64-debian-gcc, r-devel-linux-x86_64-fedora-clang, r-devel-linux-x86_64-fedora-gcc, r-prerel-macos-arm64, r-prerel-windows-x86_64, r-patched-linux-x86_64