CRAN Package Check Results for Package parsnip

Last updated on 2021-07-27 11:51:12 CEST.

Flavor Version Tinstall Tcheck Ttotal Status Flags
r-devel-linux-x86_64-debian-clang 0.1.7 16.72 203.08 219.80 OK
r-devel-linux-x86_64-debian-gcc 0.1.7 13.77 164.50 178.27 OK
r-devel-linux-x86_64-fedora-clang 0.1.7 265.38 NOTE
r-devel-linux-x86_64-fedora-gcc 0.1.7 263.75 OK
r-devel-windows-x86_64 0.1.7 28.00 237.00 265.00 OK
r-devel-windows-x86_64-gcc10-UCRT 0.1.6 OK
r-patched-linux-x86_64 0.1.7 20.22 193.09 213.31 OK
r-patched-solaris-x86 0.1.7 366.00 OK
r-release-linux-x86_64 0.1.7 16.13 197.36 213.49 OK
r-release-macos-arm64 0.1.7 OK
r-release-macos-x86_64 0.1.7 OK
r-release-windows-ix86+x86_64 0.1.7 24.00 214.00 238.00 OK
r-oldrel-macos-x86_64 0.1.7 OK
r-oldrel-windows-ix86+x86_64 0.1.7 21.00 179.00 200.00 OK

Check Details

Version: 0.1.7
Check: Rd cross-references
Result: NOTE
    Undeclared packages ‘glmnet’, ‘rstan’, ‘rstanarm’, ‘discrim’, ‘devtools’, ‘broom’ in Rd xrefs
Flavor: r-devel-linux-x86_64-fedora-clang