Last updated on 2024-03-28 11:53:34 CET.
Flavor | Version | Tinstall | Tcheck | Ttotal | Status | Flags |
---|---|---|---|---|---|---|
r-devel-linux-x86_64-debian-clang | 1.2.1 | 20.27 | 216.93 | 237.20 | OK | |
r-devel-linux-x86_64-debian-gcc | 1.2.1 | 19.10 | 165.62 | 184.72 | OK | |
r-devel-linux-x86_64-fedora-clang | 1.2.1 | 328.11 | NOTE | |||
r-devel-linux-x86_64-fedora-gcc | 1.2.1 | 323.82 | OK | |||
r-devel-windows-x86_64 | 1.2.1 | 22.00 | 234.00 | 256.00 | OK | |
r-patched-linux-x86_64 | 1.2.1 | 30.14 | 211.40 | 241.54 | OK | |
r-release-linux-x86_64 | 1.2.1 | 24.59 | 214.87 | 239.46 | OK | |
r-release-macos-arm64 | 1.2.1 | 96.00 | OK | |||
r-release-macos-x86_64 | 1.2.1 | 246.00 | OK | |||
r-release-windows-x86_64 | 1.2.1 | 31.00 | 266.00 | 297.00 | OK | |
r-oldrel-macos-arm64 | 1.2.1 | 78.00 | OK | |||
r-oldrel-windows-x86_64 | 1.2.1 | 29.00 | 216.00 | 245.00 | OK |
Version: 1.2.1
Check: Rd cross-references
Result: NOTE
Undeclared packages ‘partykit’, ‘Cubist’, ‘rules’, ‘h2o’, ‘agua’, ‘baguette’, ‘ipred’, ‘dbarts’, ‘lightgbm’, ‘bonsai’, ‘mboost’, ‘mda’, ‘sda’, ‘sparsediscrim’, ‘klaR’, ‘workflows’, ‘brulee’, ‘glmnet’, ‘rstan’, ‘rstanarm’, ‘naivebayes’, ‘plsmod’, ‘pscl’, ‘aorsf’, ‘randomForest’, ‘xrf’, ‘flexsurv’, ‘broom’ in Rd xrefs
Flavor: r-devel-linux-x86_64-fedora-clang