Last updated on 2023-03-30 17:52:37 CEST.
Flavor | Version | Tinstall | Tcheck | Ttotal | Status | Flags |
---|---|---|---|---|---|---|
r-devel-linux-x86_64-debian-clang | 0.1.1 | 8.70 | 67.56 | 76.26 | NOTE | |
r-devel-linux-x86_64-debian-gcc | 0.1.1 | 6.61 | 51.48 | 58.09 | NOTE | |
r-devel-linux-x86_64-fedora-clang | 0.1.1 | 93.98 | NOTE | |||
r-devel-linux-x86_64-fedora-gcc | 0.1.1 | 92.92 | NOTE | |||
r-devel-windows-x86_64 | 0.1.1 | 97.00 | 0.00 | 97.00 | NOTE | |
r-patched-linux-x86_64 | 0.1.1 | 9.78 | 63.28 | 73.06 | NOTE | |
r-release-linux-x86_64 | 0.1.1 | 8.16 | 63.88 | 72.04 | OK | |
r-release-macos-arm64 | 0.1.1 | 35.00 | OK | |||
r-release-macos-x86_64 | 0.1.1 | 40.00 | OK | |||
r-release-windows-x86_64 | 0.1.1 | 109.00 | 102.00 | 211.00 | OK | |
r-oldrel-macos-arm64 | 0.1.1 | 32.00 | OK | |||
r-oldrel-macos-x86_64 | 0.1.1 | 42.00 | OK | |||
r-oldrel-windows-ix86+x86_64 | 0.1.1 | 16.00 | 91.00 | 107.00 | OK |
Version: 0.1.1
Check: Rd \usage sections
Result: NOTE
S3 methods shown with full name in documentation object ‘vec_cast.partial_time’:
‘vec_cast.partial_time’
S3 methods shown with full name in documentation object ‘vec_cast.timespan’:
‘vec_cast.timespan’
The \usage entries for S3 methods should use the \method markup and not
their full name.
See chapter ‘Writing R documentation files’ in the ‘Writing R
Extensions’ manual.
Flavors: r-devel-linux-x86_64-debian-clang, r-devel-linux-x86_64-debian-gcc, r-devel-linux-x86_64-fedora-clang, r-devel-linux-x86_64-fedora-gcc, r-devel-windows-x86_64, r-patched-linux-x86_64