Last updated on 2024-08-31 23:49:10 CEST.
Flavor | Version | Tinstall | Tcheck | Ttotal | Status | Flags |
---|---|---|---|---|---|---|
r-devel-linux-x86_64-debian-clang | 0.4.1 | 34.76 | 29.40 | 64.16 | NOTE | |
r-devel-linux-x86_64-debian-gcc | 0.4.1 | 29.67 | 23.05 | 52.72 | NOTE | |
r-devel-linux-x86_64-fedora-clang | 0.4.1 | 117.94 | NOTE | |||
r-devel-linux-x86_64-fedora-gcc | 0.4.1 | 144.66 | NOTE | |||
r-devel-windows-x86_64 | 0.4.1 | 40.00 | 72.00 | 112.00 | NOTE | |
r-patched-linux-x86_64 | 0.4.1 | 39.12 | 28.25 | 67.37 | NOTE | |
r-release-linux-x86_64 | 0.4.1 | 36.53 | 28.34 | 64.87 | NOTE | |
r-release-macos-arm64 | 0.4.1 | 39.00 | NOTE | |||
r-release-macos-x86_64 | 0.4.1 | 49.00 | NOTE | |||
r-release-windows-x86_64 | 0.4.1 | 40.00 | 74.00 | 114.00 | NOTE | |
r-oldrel-macos-arm64 | 0.4.1 | 45.00 | NOTE | |||
r-oldrel-macos-x86_64 | 0.4.1 | 75.00 | NOTE | |||
r-oldrel-windows-x86_64 | 0.4.1 | 39.00 | 80.00 | 119.00 | NOTE |
Version: 0.4.1
Check: C++ specification
Result: NOTE
Specified C++11: please drop specification unless essential
Flavors: r-devel-linux-x86_64-debian-clang, r-devel-linux-x86_64-debian-gcc, r-devel-linux-x86_64-fedora-clang, r-devel-linux-x86_64-fedora-gcc, r-devel-windows-x86_64, r-patched-linux-x86_64, r-release-linux-x86_64, r-release-macos-arm64, r-release-macos-x86_64, r-release-windows-x86_64, r-oldrel-macos-arm64, r-oldrel-macos-x86_64, r-oldrel-windows-x86_64