Last updated on 2024-08-16 11:49:47 CEST.
Flavor | Version | Tinstall | Tcheck | Ttotal | Status | Flags |
---|---|---|---|---|---|---|
r-devel-linux-x86_64-debian-clang | 0.6.0 | 1213.92 | 381.92 | 1595.84 | OK | |
r-devel-linux-x86_64-debian-gcc | 0.6.0 | 882.58 | 252.11 | 1134.69 | OK | |
r-devel-linux-x86_64-fedora-clang | 0.6.0 | 2411.26 | NOTE | |||
r-devel-linux-x86_64-fedora-gcc | 0.6.0 | 2238.53 | OK | |||
r-devel-windows-x86_64 | 0.6.0 | 871.00 | 492.00 | 1363.00 | NOTE | |
r-patched-linux-x86_64 | 0.6.0 | 1236.86 | 357.26 | 1594.12 | OK | |
r-release-linux-x86_64 | 0.6.0 | 1208.23 | 357.50 | 1565.73 | OK | |
r-release-macos-arm64 | 0.6.0 | 764.00 | NOTE | |||
r-release-macos-x86_64 | 0.6.0 | 1231.00 | NOTE | |||
r-release-windows-x86_64 | 0.6.0 | 948.00 | 501.00 | 1449.00 | NOTE | |
r-oldrel-macos-arm64 | 0.6.0 | 1453.00 | NOTE | |||
r-oldrel-macos-x86_64 | 0.6.0 | 1640.00 | NOTE | |||
r-oldrel-windows-x86_64 | 0.6.0 | 1580.00 | 546.00 | 2126.00 | NOTE |
Version: 0.6.0
Check: installed package size
Result: NOTE
installed size is 9.8Mb
sub-directories of 1Mb or more:
R 7.0Mb
help 2.6Mb
Flavors: r-devel-linux-x86_64-fedora-clang, r-devel-windows-x86_64, r-release-macos-arm64, r-release-macos-x86_64, r-release-windows-x86_64, r-oldrel-macos-arm64, r-oldrel-macos-x86_64, r-oldrel-windows-x86_64