Last updated on 2024-03-28 06:52:56 CET.
Flavor | Version | Tinstall | Tcheck | Ttotal | Status | Flags |
---|---|---|---|---|---|---|
r-devel-linux-x86_64-debian-clang | 0.5.0 | 112.62 | 260.32 | 372.94 | OK | |
r-devel-linux-x86_64-debian-gcc | 0.5.0 | 93.96 | 190.53 | 284.49 | OK | |
r-devel-linux-x86_64-fedora-clang | 0.5.0 | 436.59 | OK | |||
r-devel-linux-x86_64-fedora-gcc | 0.5.0 | 421.48 | OK | |||
r-devel-windows-x86_64 | 0.5.0 | 85.00 | 310.00 | 395.00 | OK | |
r-patched-linux-x86_64 | 0.5.0 | 125.97 | 242.64 | 368.61 | OK | |
r-release-linux-x86_64 | 0.5.0 | 106.42 | 245.66 | 352.08 | OK | |
r-release-macos-arm64 | 0.5.0 | 108.00 | NOTE | |||
r-release-macos-x86_64 | 0.5.0 | 189.00 | OK | |||
r-release-windows-x86_64 | 0.5.0 | 115.00 | 355.00 | 470.00 | OK | |
r-oldrel-macos-arm64 | 0.5.0 | 90.00 | OK | |||
r-oldrel-windows-x86_64 | 0.5.0 | 112.00 | 163.00 | 275.00 | OK |
Version: 0.5.0
Check: installed package size
Result: NOTE
installed size is 5.1Mb
sub-directories of 1Mb or more:
R 2.1Mb
help 2.9Mb
Flavor: r-release-macos-arm64