Last updated on 2024-08-16 11:49:47 CEST.
Flavor | Version | Tinstall | Tcheck | Ttotal | Status | Flags |
---|---|---|---|---|---|---|
r-devel-linux-x86_64-debian-clang | 0.6.0 | 11.73 | 175.72 | 187.45 | NOTE | |
r-devel-linux-x86_64-debian-gcc | 0.6.0 | 9.29 | 114.25 | 123.54 | NOTE | |
r-devel-linux-x86_64-fedora-clang | 0.6.0 | 288.01 | OK | |||
r-devel-linux-x86_64-fedora-gcc | 0.6.0 | 278.36 | OK | |||
r-devel-windows-x86_64 | 0.6.0 | 17.00 | 281.00 | 298.00 | NOTE | |
r-patched-linux-x86_64 | 0.6.0 | 42.76 | 164.99 | 207.75 | OK | |
r-release-linux-x86_64 | 0.6.0 | 11.16 | 167.09 | 178.25 | OK | |
r-release-macos-arm64 | 0.6.0 | 69.00 | OK | |||
r-release-macos-x86_64 | 0.6.0 | 98.00 | OK | |||
r-release-windows-x86_64 | 0.6.0 | 17.00 | 274.00 | 291.00 | OK | |
r-oldrel-macos-arm64 | 0.6.0 | 71.00 | OK | |||
r-oldrel-macos-x86_64 | 0.6.0 | 541.00 | OK | |||
r-oldrel-windows-x86_64 | 0.6.0 | 21.00 | 333.00 | 354.00 | OK |
Version: 0.6.0
Check: Rd cross-references
Result: NOTE
Found the following Rd file(s) with Rd \link{} targets missing package
anchors:
cloud9.Rd: cloud9_create_environment_ec2,
cloud9_create_environment_membership, cloud9_delete_environment,
cloud9_delete_environment_membership,
cloud9_describe_environment_memberships,
cloud9_describe_environments, cloud9_describe_environment_status,
cloud9_list_environments, cloud9_list_tags_for_resource,
cloud9_tag_resource, cloud9_untag_resource,
cloud9_update_environment, cloud9_update_environment_membership
Please provide package anchors for all Rd \link{} targets not in the
package itself and the base packages.
Flavors: r-devel-linux-x86_64-debian-clang, r-devel-linux-x86_64-debian-gcc, r-devel-windows-x86_64