Last updated on 2023-10-03 18:05:08 CEST.
Flavor | Version | Tinstall | Tcheck | Ttotal | Status | Flags |
---|---|---|---|---|---|---|
r-devel-linux-x86_64-debian-clang | 0.4.0 | 112.01 | 331.53 | 443.54 | OK | |
r-devel-linux-x86_64-debian-gcc | 0.4.0 | 90.60 | 248.02 | 338.62 | OK | |
r-devel-linux-x86_64-fedora-clang | 0.4.0 | 557.21 | NOTE | |||
r-devel-linux-x86_64-fedora-gcc | 0.4.0 | 533.99 | OK | |||
r-devel-windows-x86_64 | 0.4.0 | 91.00 | 435.00 | 526.00 | NOTE | |
r-patched-linux-x86_64 | 0.4.0 | 137.30 | 317.77 | 455.07 | OK | |
r-release-linux-x86_64 | 0.4.0 | 106.35 | 314.27 | 420.62 | OK | |
r-release-macos-arm64 | 0.4.0 | 138.00 | NOTE | |||
r-release-macos-x86_64 | 0.4.0 | 273.00 | NOTE | |||
r-release-windows-x86_64 | 0.4.0 | 129.00 | 484.00 | 613.00 | NOTE | |
r-oldrel-macos-arm64 | 0.4.0 | 111.00 | NOTE | |||
r-oldrel-macos-x86_64 | 0.4.0 | 148.00 | NOTE | |||
r-oldrel-windows-x86_64 | 0.4.0 | 131.00 | 203.00 | 334.00 | NOTE |
Version: 0.4.0
Check: installed package size
Result: NOTE
installed size is 5.7Mb
sub-directories of 1Mb or more:
R 2.3Mb
help 3.2Mb
Flavors: r-devel-linux-x86_64-fedora-clang, r-devel-windows-x86_64, r-release-macos-arm64, r-release-macos-x86_64, r-release-windows-x86_64, r-oldrel-macos-arm64, r-oldrel-macos-x86_64, r-oldrel-windows-x86_64