Last updated on 2023-10-03 18:05:08 CEST.
Flavor | Version | Tinstall | Tcheck | Ttotal | Status | Flags |
---|---|---|---|---|---|---|
r-devel-linux-x86_64-debian-clang | 0.4.0 | 141.82 | 327.18 | 469.00 | OK | |
r-devel-linux-x86_64-debian-gcc | 0.4.0 | 111.64 | 246.88 | 358.52 | OK | |
r-devel-linux-x86_64-fedora-clang | 0.4.0 | 587.32 | NOTE | |||
r-devel-linux-x86_64-fedora-gcc | 0.4.0 | 562.09 | OK | |||
r-devel-windows-x86_64 | 0.4.0 | 104.00 | 427.00 | 531.00 | NOTE | |
r-patched-linux-x86_64 | 0.4.0 | 166.92 | 314.98 | 481.90 | OK | |
r-release-linux-x86_64 | 0.4.0 | 136.55 | 319.81 | 456.36 | OK | |
r-release-macos-arm64 | 0.4.0 | 144.00 | NOTE | |||
r-release-macos-x86_64 | 0.4.0 | 282.00 | NOTE | |||
r-release-windows-x86_64 | 0.4.0 | 149.00 | 473.00 | 622.00 | NOTE | |
r-oldrel-macos-arm64 | 0.4.0 | 115.00 | NOTE | |||
r-oldrel-macos-x86_64 | 0.4.0 | 148.00 | NOTE | |||
r-oldrel-windows-x86_64 | 0.4.0 | 151.00 | 200.00 | 351.00 | NOTE |
Version: 0.4.0
Check: installed package size
Result: NOTE
installed size is 5.8Mb
sub-directories of 1Mb or more:
R 2.5Mb
help 3.1Mb
Flavors: r-devel-linux-x86_64-fedora-clang, r-devel-windows-x86_64, r-release-macos-arm64, r-release-macos-x86_64, r-release-windows-x86_64, r-oldrel-macos-arm64, r-oldrel-macos-x86_64, r-oldrel-windows-x86_64