CRAN Package Check Results for Package pbapply

Last updated on 2021-04-14 23:47:21 CEST.

Flavor Version Tinstall Tcheck Ttotal Status Flags
r-devel-linux-x86_64-debian-clang 1.4-3 1.63 41.75 43.38 OK
r-devel-linux-x86_64-debian-gcc 1.4-3 2.02 32.73 34.75 OK
r-devel-linux-x86_64-fedora-clang 1.4-3 63.86 OK
r-devel-linux-x86_64-fedora-gcc 1.4-3 54.76 OK
r-devel-windows-ix86+x86_64 1.4-3 8.00 74.00 82.00 OK
r-devel-windows-x86_64-gcc10-UCRT 1.4-3 OK
r-patched-linux-x86_64 1.4-3 1.64 41.20 42.84 OK
r-patched-solaris-x86 1.4-3 93.00 OK
r-release-linux-x86_64 1.4-3 1.84 41.42 43.26 OK
r-release-macos-x86_64 1.4-3 OK
r-release-windows-ix86+x86_64 1.4-3 11.00 70.00 81.00 OK
r-oldrel-macos-x86_64 1.4-3 NOTE
r-oldrel-windows-ix86+x86_64 1.4-3 4.00 68.00 72.00 OK

Check Details

Version: 1.4-3
Check: dependencies in R code
Result: NOTE
    No protocol specified
    No protocol specified
Flavor: r-oldrel-macos-x86_64