CRAN Package Check Results for Package pbdNCDF4

Last updated on 2019-06-23 11:48:19 CEST.

Flavor Version Tinstall Tcheck Ttotal Status Flags
r-devel-linux-x86_64-debian-clang 0.1-4 7.36 37.73 45.09 OK
r-devel-linux-x86_64-debian-gcc 0.1-4 6.23 29.80 36.03 OK
r-devel-linux-x86_64-fedora-clang 0.1-4 56.14 NOTE
r-devel-linux-x86_64-fedora-gcc 0.1-4 54.13 NOTE
r-devel-windows-ix86+x86_64 0.1-4 31.00 64.00 95.00 NOTE
r-patched-linux-x86_64 0.1-4 7.15 37.99 45.14 OK
r-patched-solaris-x86 0.1-4 74.80 OK
r-release-linux-x86_64 0.1-4 7.44 38.20 45.64 OK
r-release-windows-ix86+x86_64 0.1-4 18.00 90.00 108.00 NOTE
r-release-osx-x86_64 0.1-4 NOTE
r-oldrel-windows-ix86+x86_64 0.1-4 16.00 54.00 70.00 NOTE
r-oldrel-osx-x86_64 0.1-4 NOTE

Check Details

Version: 0.1-4
Check: compiled code
Result: NOTE
    File ‘pbdNCDF4/libs/pbdNCDF4.so’:
     Found no calls to: ‘R_registerRoutines’, ‘R_useDynamicSymbols’
    
    It is good practice to register native routines and to disable symbol
    search.
    
    See ‘Writing portable packages’ in the ‘Writing R Extensions’ manual.
Flavors: r-devel-linux-x86_64-fedora-clang, r-devel-linux-x86_64-fedora-gcc

Version: 0.1-4
Check: R code for possible problems
Result: NOTE
    Not exits: C:/Program Files/netCDF 4.3.2
    Not exits: C:/Program Files/netCDF 4.3.2/bin
    Not exits: C:/Program Files/netCDF 4.3.2/deps/x64/bin
    Not exits: C:/Program Files/netCDF 4.3.2/deps/x64/bin/msvcp100.dll
    Not exits: C:/Program Files/netCDF 4.3.2/deps/x64/bin/msvcr100.dll
    Not exits: C:/Program Files/netCDF 4.3.2/deps/x64/bin/zlib.dll
    Not exits: C:/Program Files/netCDF 4.3.2/deps/x64/bin/hdf5.dll
    Not exits: C:/Program Files/netCDF 4.3.2/deps/x64/bin/hdf5_hl.dll
    Not exits: C:/Program Files/netCDF 4.3.2/bin/netcdf.dll
    ===== WARNING =====
    - netCDF 4.3.2 may not install at compile time.
    - Environment variables may not be correct at compile and run time.
    - pbdNCDF4 binary may not link with netCDF.
    - Please consider to rebuild from source.
    ===================
    get.sysenv: no visible global function definition for 'shortPathName'
    Undefined global functions or variables:
     shortPathName
    Consider adding
     importFrom("utils", "shortPathName")
    to your NAMESPACE file.
Flavors: r-devel-windows-ix86+x86_64, r-release-windows-ix86+x86_64, r-oldrel-windows-ix86+x86_64

Version: 0.1-4
Check: package dependencies
Result: NOTE
    Package which this enhances but not available for checking: ‘pbdMPI’
Flavors: r-release-osx-x86_64, r-oldrel-osx-x86_64

Version: 0.1-4
Check: installed package size
Result: NOTE
     installed size is 7.1Mb
     sub-directories of 1Mb or more:
     libs 6.5Mb
Flavors: r-release-osx-x86_64, r-oldrel-osx-x86_64