Last updated on 2023-10-05 01:01:51 CEST.
Flavor | Version | Tinstall | Tcheck | Ttotal | Status | Flags |
---|---|---|---|---|---|---|
r-devel-linux-x86_64-debian-clang | 0.3-4 | 162.63 | 56.26 | 218.89 | OK | |
r-devel-linux-x86_64-debian-gcc | 0.3-4 | 138.18 | 44.89 | 183.07 | OK | |
r-devel-linux-x86_64-fedora-clang | 0.3-4 | 320.96 | OK | |||
r-devel-linux-x86_64-fedora-gcc | 0.3-4 | 347.51 | OK | |||
r-devel-windows-x86_64 | 0.3-4 | 202.00 | 82.00 | 284.00 | NOTE | |
r-patched-linux-x86_64 | 0.3-4 | 165.02 | 54.75 | 219.77 | OK | |
r-release-linux-x86_64 | 0.3-4 | 167.16 | 54.91 | 222.07 | OK | |
r-release-macos-arm64 | 0.3-4 | 5.00 | ERROR | |||
r-release-macos-x86_64 | 0.3-4 | 8.00 | ERROR | |||
r-release-windows-x86_64 | 0.3-4 | 263.00 | 85.00 | 348.00 | NOTE | |
r-oldrel-macos-arm64 | 0.3-4 | 39.00 | ERROR | |||
r-oldrel-macos-x86_64 | 0.3-4 | 12.00 | ERROR | |||
r-oldrel-windows-x86_64 | 0.3-4 | 265.00 | 86.00 | 351.00 | NOTE |
Version: 0.3-4
Check: installed package size
Result: NOTE
installed size is 5.4Mb
sub-directories of 1Mb or more:
lib 2.8Mb
libs 2.4Mb
Flavors: r-devel-windows-x86_64, r-release-windows-x86_64, r-oldrel-windows-x86_64
Version: 0.3-4
Check: package dependencies
Result: ERROR
Package required but not available: ‘pbdMPI’
See section ‘The DESCRIPTION file’ in the ‘Writing R Extensions’
manual.
Flavors: r-release-macos-arm64, r-release-macos-x86_64, r-oldrel-macos-arm64, r-oldrel-macos-x86_64