CRAN Package Check Results for Package pcds

Last updated on 2024-06-13 18:50:02 CEST.

Flavor Version Tinstall Tcheck Ttotal Status Flags
r-devel-linux-x86_64-debian-clang 0.1.8 58.88 363.12 422.00 OK
r-devel-linux-x86_64-debian-gcc 0.1.8 1.07 1.86 2.93 ERROR
r-devel-linux-x86_64-fedora-clang 0.1.8 523.88 OK
r-devel-linux-x86_64-fedora-gcc 0.1.8 499.74 OK
r-devel-windows-x86_64 0.1.8 32.00 283.00 315.00 OK
r-patched-linux-x86_64 0.1.8 66.72 343.86 410.58 OK
r-release-linux-x86_64 0.1.8 33.40 345.66 379.06 OK
r-release-macos-arm64 0.1.8 199.00 NOTE
r-release-macos-x86_64 0.1.8 369.00 NOTE
r-release-windows-x86_64 0.1.8 32.00 288.00 320.00 OK
r-oldrel-macos-arm64 0.1.8 135.00 OK
r-oldrel-macos-x86_64 0.1.8 269.00 NOTE
r-oldrel-windows-x86_64 0.1.8 46.00 333.00 379.00 OK

Check Details

Version: 0.1.8
Check: package dependencies
Result: ERROR Package required but not available: ‘gMOIP’ See section ‘The DESCRIPTION file’ in the ‘Writing R Extensions’ manual. Flavor: r-devel-linux-x86_64-debian-gcc

Version: 0.1.8
Check: installed package size
Result: NOTE installed size is 5.4Mb sub-directories of 1Mb or more: R 2.0Mb doc 1.7Mb help 1.4Mb Flavors: r-release-macos-arm64, r-release-macos-x86_64, r-oldrel-macos-x86_64