Last updated on 2023-06-09 11:57:31 CEST.
Flavor | Version | Tinstall | Tcheck | Ttotal | Status | Flags |
---|---|---|---|---|---|---|
r-devel-linux-x86_64-debian-clang | 0.1.6 | 39.72 | 293.41 | 333.13 | OK | |
r-devel-linux-x86_64-debian-gcc | 0.1.6 | 34.80 | 214.56 | 249.36 | OK | |
r-devel-linux-x86_64-fedora-clang | 0.1.6 | 415.67 | OK | |||
r-devel-linux-x86_64-fedora-gcc | 0.1.6 | 407.66 | OK | |||
r-devel-windows-x86_64 | 0.1.6 | 36.00 | 272.00 | 308.00 | OK | |
r-patched-linux-x86_64 | 0.1.6 | 33.54 | 277.35 | 310.89 | OK | |
r-release-linux-x86_64 | 0.1.6 | 32.37 | 279.55 | 311.92 | OK | |
r-release-macos-arm64 | 0.1.6 | 113.00 | OK | |||
r-release-macos-x86_64 | 0.1.5 | 199.00 | NOTE | |||
r-release-windows-x86_64 | 0.1.6 | 41.00 | 317.00 | 358.00 | OK | |
r-oldrel-macos-arm64 | 0.1.6 | 184.00 | NOTE | |||
r-oldrel-macos-x86_64 | 0.1.6 | 259.00 | OK | |||
r-oldrel-windows-x86_64 | 0.1.6 | 43.00 | 242.00 | 285.00 | OK |
Version: 0.1.5
Check: installed package size
Result: NOTE
installed size is 5.3Mb
sub-directories of 1Mb or more:
R 2.0Mb
doc 1.7Mb
help 1.3Mb
Flavor: r-release-macos-x86_64
Version: 0.1.6
Check: installed package size
Result: NOTE
installed size is 5.3Mb
sub-directories of 1Mb or more:
R 2.0Mb
doc 1.7Mb
help 1.3Mb
Flavor: r-oldrel-macos-arm64