Last updated on 2024-03-19 00:52:19 CET.
Flavor | Version | Tinstall | Tcheck | Ttotal | Status | Flags |
---|---|---|---|---|---|---|
r-devel-linux-x86_64-debian-clang | 1.1.0 | 2.63 | 29.21 | 31.84 | NOTE | |
r-devel-linux-x86_64-debian-gcc | 1.1.0 | 1.91 | 22.98 | 24.89 | NOTE | |
r-devel-linux-x86_64-fedora-clang | 1.1.0 | 40.05 | NOTE | |||
r-devel-linux-x86_64-fedora-gcc | 1.1.0 | 39.65 | NOTE | |||
r-devel-windows-x86_64 | 1.1.0 | 4.00 | 46.00 | 50.00 | NOTE | |
r-patched-linux-x86_64 | 1.1.0 | 2.62 | 28.65 | 31.27 | OK | |
r-release-linux-x86_64 | 1.1.0 | 2.32 | 28.27 | 30.59 | OK | |
r-release-macos-arm64 | 1.1.0 | 18.00 | OK | |||
r-release-macos-x86_64 | 1.1.0 | 38.00 | OK | |||
r-release-windows-x86_64 | 1.1.0 | 4.00 | 44.00 | 48.00 | OK | |
r-oldrel-macos-arm64 | 1.1.0 | 64.00 | OK | |||
r-oldrel-windows-x86_64 | 1.1.0 | 4.00 | 49.00 | 53.00 | OK |
Version: 1.1.0
Check: Rd files
Result: NOTE
checkRd: (-1) pcvpcr.Rd:42: Lost braces; missing escapes or markup?
42 | set {X, y} and cross-validation.
| ^
checkRd: (-1) pcvpls.Rd:42: Lost braces; missing escapes or markup?
42 | set {X, y} and cross-validation.
| ^
Flavors: r-devel-linux-x86_64-debian-clang, r-devel-linux-x86_64-debian-gcc, r-devel-linux-x86_64-fedora-clang, r-devel-linux-x86_64-fedora-gcc, r-devel-windows-x86_64