Last updated on 2024-03-28 11:53:34 CET.
Flavor | Version | Tinstall | Tcheck | Ttotal | Status | Flags |
---|---|---|---|---|---|---|
r-devel-linux-x86_64-debian-clang | 0.3.0 | 4.28 | 59.65 | 63.93 | NOTE | |
r-devel-linux-x86_64-debian-gcc | 0.3.0 | 4.22 | 46.51 | 50.73 | NOTE | |
r-devel-linux-x86_64-fedora-clang | 0.3.0 | 87.34 | NOTE | |||
r-devel-linux-x86_64-fedora-gcc | 0.3.0 | 97.55 | NOTE | |||
r-devel-windows-x86_64 | 0.3.0 | 6.00 | 65.00 | 71.00 | NOTE | |
r-patched-linux-x86_64 | 0.3.0 | 8.61 | 59.51 | 68.12 | NOTE | |
r-release-linux-x86_64 | 0.3.0 | 5.45 | 55.76 | 61.21 | OK | |
r-release-macos-arm64 | 0.3.0 | 40.00 | OK | |||
r-release-macos-x86_64 | 0.3.0 | 53.00 | OK | |||
r-release-windows-x86_64 | 0.3.0 | 7.00 | 71.00 | 78.00 | OK | |
r-oldrel-macos-arm64 | 0.3.0 | 27.00 | OK | |||
r-oldrel-windows-x86_64 | 0.3.0 | 8.00 | 80.00 | 88.00 | OK |
Version: 0.3.0
Check: Rd files
Result: NOTE
checkRd: (-1) keyword_directory.Rd:48: Lost braces
48 | Default pattern is "\\p{WHITE_SPACE}{3,}" which can be interpreted as:
| ^
checkRd: (-1) keyword_directory.Rd:48: Lost braces
48 | Default pattern is "\\p{WHITE_SPACE}{3,}" which can be interpreted as:
| ^
checkRd: (-1) keyword_search.Rd:59: Lost braces
59 | Default pattern is "\\p{WHITE_SPACE}{3,}" which can be interpreted as:
| ^
checkRd: (-1) keyword_search.Rd:59: Lost braces
59 | Default pattern is "\\p{WHITE_SPACE}{3,}" which can be interpreted as:
| ^
Flavors: r-devel-linux-x86_64-debian-clang, r-devel-linux-x86_64-debian-gcc, r-devel-linux-x86_64-fedora-clang, r-devel-linux-x86_64-fedora-gcc, r-devel-windows-x86_64, r-patched-linux-x86_64