CRAN Package Check Results for Package peakPick

Last updated on 2021-07-31 17:50:44 CEST.

Flavor Version Tinstall Tcheck Ttotal Status Flags
r-devel-linux-x86_64-debian-clang 0.11 2.00 23.78 25.78 NOTE
r-devel-linux-x86_64-debian-gcc 0.11 1.56 19.24 20.80 NOTE
r-devel-linux-x86_64-fedora-clang 0.11 40.48 NOTE
r-devel-linux-x86_64-fedora-gcc 0.11 30.76 NOTE
r-devel-windows-x86_64 0.11 3.00 40.00 43.00 NOTE
r-devel-windows-x86_64-gcc10-UCRT 0.11 NOTE
r-patched-linux-x86_64 0.11 NOTE
r-patched-solaris-x86 0.11 52.30 NOTE
r-release-linux-x86_64 0.11 1.93 23.20 25.13 NOTE
r-release-macos-arm64 0.11 NOTE
r-release-macos-x86_64 0.11 NOTE
r-release-windows-ix86+x86_64 0.11 4.00 39.00 43.00 NOTE
r-oldrel-macos-x86_64 0.11 OK
r-oldrel-windows-ix86+x86_64 0.11 5.00 39.00 44.00 NOTE

Check Details

Version: 0.11
Check: LazyData
Result: NOTE
     'LazyData' is specified without a 'data' directory
Flavors: r-devel-linux-x86_64-debian-clang, r-devel-linux-x86_64-debian-gcc, r-devel-linux-x86_64-fedora-clang, r-devel-linux-x86_64-fedora-gcc, r-devel-windows-x86_64, r-devel-windows-x86_64-gcc10-UCRT, r-patched-linux-x86_64, r-patched-solaris-x86, r-release-linux-x86_64, r-release-macos-arm64, r-release-macos-x86_64, r-release-windows-ix86+x86_64

Version: 0.11
Check: package vignettes
Result: NOTE
    Package vignette with placeholder title 'Vignette Title':
     'peakPick-vignette.Rmd'
Flavors: r-devel-linux-x86_64-debian-clang, r-devel-linux-x86_64-debian-gcc, r-devel-windows-x86_64, r-patched-linux-x86_64, r-release-linux-x86_64, r-release-windows-ix86+x86_64, r-oldrel-windows-ix86+x86_64