CRAN Package Check Results for Package pedFamilias

Last updated on 2025-05-17 11:51:20 CEST.

Flavor Version Tinstall Tcheck Ttotal Status Flags
r-devel-linux-x86_64-debian-clang 0.2.4 6.92 58.42 65.34 OK
r-devel-linux-x86_64-debian-gcc 0.2.4 5.45 46.16 51.61 OK
r-devel-linux-x86_64-fedora-clang 0.2.4 100.34 OK
r-devel-linux-x86_64-fedora-gcc 0.2.4 95.09 OK
r-devel-windows-x86_64 0.2.4 8.00 69.00 77.00 OK
r-patched-linux-x86_64 0.2.4 6.70 55.40 62.10 OK
r-release-linux-x86_64 0.2.4 7.03 55.10 62.13 OK
r-release-macos-arm64 0.2.4 36.00 OK
r-release-macos-x86_64 0.2.4 72.00 OK
r-release-windows-x86_64 0.2.4 8.00 0.00 8.00 FAIL
r-oldrel-macos-arm64 0.2.4 31.00 OK
r-oldrel-macos-x86_64 0.2.4 69.00 OK
r-oldrel-windows-x86_64 0.2.4 10.00 89.00 99.00 OK

Check Details

Version: 0.2.4
Check: PDF version of manual
Result: FAIL Check process probably crashed or hung up for 20 minutes ... killed Most likely this happened in the example checks (?), if not, ignore the following last lines of example output: M1: 3 alleles, mut model (M/F) = step-ext, rate = 0.001/0.002, range = 0.1, rate2 = 0.0001 Returning database only > > # Attach to a pedigree and write to a new file > z = singleton(1) |> setMarkers(locusAttributes = a) > dbfam2 = writeFam(z, famfile = tempfile(), dbOnly = TRUE) Written to file: D:\temp\2025_05_16_01_50_01_31243\RtmpCKWRSW\file2f5bc3e6af40.fam > > stopifnot(identical(readLines(dbfam), readLines(dbfam2))) > > > > > ### * <FOOTER> > ### > cleanEx() > options(digits = 7L) > base::cat("Time elapsed: ", proc.time() - base::get("ptime", pos = 'CheckExEnv'),"\n") Time elapsed: 2.01 0.19 2.2 NA NA > grDevices::dev.off() null device 1 > ### > ### Local variables: *** > ### mode: outline-minor *** > ### outline-regexp: "\\(> \\)?### [*]+" *** > ### End: *** > quit('no') ======== End of example output (where/before crash/hang up occured ?) ======== Flavor: r-release-windows-x86_64