Last updated on 2024-04-25 06:02:19 CEST.
Flavor | Version | Tinstall | Tcheck | Ttotal | Status | Flags |
---|---|---|---|---|---|---|
r-devel-linux-x86_64-debian-clang | 1.0.2 | 3.65 | 529.05 | 532.70 | NOTE | |
r-devel-linux-x86_64-debian-gcc | 2.0.0 | 412.60 | 201.13 | 613.73 | OK | |
r-devel-linux-x86_64-fedora-clang | 2.0.0 | 327.16 | OK | |||
r-devel-linux-x86_64-fedora-gcc | 2.0.0 | 772.10 | OK | |||
r-devel-windows-x86_64 | 1.0.2 | 5.00 | 328.00 | 333.00 | NOTE | |
r-patched-linux-x86_64 | 1.0.2 | 2.45 | 494.80 | 497.25 | NOTE | |
r-release-linux-x86_64 | 1.0.2 | 2.95 | 493.14 | 496.09 | OK | |
r-release-macos-arm64 | 2.0.0 | 170.00 | NOTE | |||
r-release-macos-x86_64 | 2.0.0 | 382.00 | NOTE | |||
r-release-windows-x86_64 | 1.0.2 | 4.00 | 328.00 | 332.00 | NOTE | |
r-oldrel-macos-arm64 | 2.0.0 | 183.00 | NOTE | |||
r-oldrel-macos-x86_64 | 2.0.0 | 340.00 | NOTE | |||
r-oldrel-windows-x86_64 | 1.0.2 | 5.00 | 419.00 | 424.00 | OK |
Version: 1.0.2
Check: Rd files
Result: NOTE
checkRd: (-1) est_norm.Rd:22: Lost braces in \itemize; \value handles \item{}{} directly
checkRd: (-1) est_norm.Rd:23-24: Lost braces in \itemize; \value handles \item{}{} directly
checkRd: (-1) est_norm.Rd:25: Lost braces in \itemize; \value handles \item{}{} directly
checkRd: (-1) est_norm.Rd:26: Lost braces in \itemize; \value handles \item{}{} directly
checkRd: (-1) est_norm.Rd:27: Lost braces in \itemize; \value handles \item{}{} directly
Flavors: r-devel-linux-x86_64-debian-clang, r-devel-windows-x86_64, r-patched-linux-x86_64, r-release-windows-x86_64
Version: 2.0.0
Check: installed package size
Result: NOTE
installed size is 5.6Mb
sub-directories of 1Mb or more:
libs 3.8Mb
Flavors: r-release-macos-arm64, r-release-macos-x86_64, r-oldrel-macos-arm64, r-oldrel-macos-x86_64