Last updated on 2024-08-31 17:49:03 CEST.
Flavor | Version | Tinstall | Tcheck | Ttotal | Status | Flags |
---|---|---|---|---|---|---|
r-devel-linux-x86_64-debian-clang | 0.2 | 8.57 | 54.56 | 63.13 | NOTE | |
r-devel-linux-x86_64-debian-gcc | 0.2 | 5.93 | 40.96 | 46.89 | NOTE | |
r-devel-linux-x86_64-fedora-clang | 0.2 | 99.86 | OK | |||
r-devel-linux-x86_64-fedora-gcc | 0.2 | 93.55 | OK | |||
r-devel-windows-x86_64 | 0.2 | 11.00 | 70.00 | 81.00 | NOTE | |
r-patched-linux-x86_64 | 0.2 | 7.45 | 51.87 | 59.32 | OK | |
r-release-linux-x86_64 | 0.2 | 7.59 | 51.59 | 59.18 | OK | |
r-release-macos-arm64 | 0.2 | 32.00 | OK | |||
r-release-macos-x86_64 | 0.2 | 47.00 | OK | |||
r-release-windows-x86_64 | 0.2 | 15.00 | 84.00 | 99.00 | OK | |
r-oldrel-macos-arm64 | 0.2 | 37.00 | OK | |||
r-oldrel-macos-x86_64 | 0.2 | 52.00 | OK | |||
r-oldrel-windows-x86_64 | 0.2 | 13.00 | 82.00 | 95.00 | OK |
Version: 0.2
Check: Rd cross-references
Result: NOTE
Found the following Rd file(s) with Rd \link{} targets missing package
anchors:
getA.Rd: dsCMatrix-class
getAInv.Rd: dsCMatrix-class
getASubset.Rd: dsCMatrix-class
getT.Rd: dtCMatrix-class
getTInv.Rd: dtCMatrix-class
relfactor.Rd: dtCMatrix-class
relfactorInv.Rd: dtCMatrix-class
Please provide package anchors for all Rd \link{} targets not in the
package itself and the base packages.
Flavors: r-devel-linux-x86_64-debian-clang, r-devel-linux-x86_64-debian-gcc, r-devel-windows-x86_64