Last updated on 2023-09-24 05:53:17 CEST.
Flavor | Version | Tinstall | Tcheck | Ttotal | Status | Flags |
---|---|---|---|---|---|---|
r-devel-linux-x86_64-debian-clang | 2.2.0 | 516.19 | 158.97 | 675.16 | OK | |
r-devel-linux-x86_64-debian-gcc | 2.2.0 | 382.58 | 114.97 | 497.55 | OK | |
r-devel-linux-x86_64-fedora-clang | 2.2.0 | 885.42 | NOTE | |||
r-devel-linux-x86_64-fedora-gcc | 2.2.0 | 1008.95 | OK | |||
r-devel-windows-x86_64 | 2.2.0 | 345.00 | 168.00 | 513.00 | OK | |
r-patched-linux-x86_64 | 2.2.0 | 472.19 | 148.13 | 620.32 | OK | |
r-release-linux-x86_64 | 2.2.0 | 488.66 | 151.97 | 640.63 | OK | |
r-release-macos-arm64 | 2.2.0 | 248.00 | NOTE | |||
r-release-macos-x86_64 | 2.2.0 | 407.00 | NOTE | |||
r-release-windows-x86_64 | 2.2.0 | 439.00 | 202.00 | 641.00 | OK | |
r-oldrel-macos-arm64 | 2.2.0 | 218.00 | NOTE | |||
r-oldrel-macos-x86_64 | 2.2.0 | 286.00 | NOTE | |||
r-oldrel-windows-x86_64 | 2.2.0 | 410.00 | 192.00 | 602.00 | OK |
Version: 2.2.0
Check: installed package size
Result: NOTE
installed size is 5.4Mb
sub-directories of 1Mb or more:
libs 4.3Mb
Flavors: r-devel-linux-x86_64-fedora-clang, r-release-macos-arm64, r-release-macos-x86_64, r-oldrel-macos-arm64, r-oldrel-macos-x86_64