CRAN Package Check Results for Package peperr

Last updated on 2019-04-19 23:54:03 CEST.

Flavor Version Tinstall Tcheck Ttotal Status Flags
r-devel-linux-x86_64-debian-clang 1.1-7.1 7.26 57.47 64.73 NOTE
r-devel-linux-x86_64-debian-gcc 1.1-7.1 7.38 46.01 53.39 NOTE
r-devel-linux-x86_64-fedora-clang 1.1-7.1 77.06 NOTE
r-devel-linux-x86_64-fedora-gcc 1.1-7.1 73.97 NOTE
r-devel-windows-ix86+x86_64 1.1-7.1 21.00 85.00 106.00 NOTE
r-patched-linux-x86_64 1.1-7.1 8.13 56.73 64.86 NOTE
r-patched-solaris-x86 1.1-7.1 116.80 NOTE
r-release-linux-x86_64 1.1-7.1 6.12 54.25 60.37 NOTE
r-release-windows-ix86+x86_64 1.1-7.1 11.00 104.00 115.00 NOTE
r-release-osx-x86_64 1.1-7.1 NOTE
r-oldrel-windows-ix86+x86_64 1.1-7.1 9.00 100.00 109.00 NOTE
r-oldrel-osx-x86_64 1.1-7.1 NOTE

Check Details

Version: 1.1-7.1
Check: dependencies in R code
Result: NOTE
    'library' or 'require' calls in package code:
     'CoxBoost' 'codetools' 'locfit' 'penalized'
     Please use :: or requireNamespace() instead.
     See section 'Suggested packages' in the 'Writing R Extensions' manual.
Flavors: r-devel-linux-x86_64-debian-clang, r-devel-linux-x86_64-debian-gcc, r-devel-linux-x86_64-fedora-clang, r-devel-linux-x86_64-fedora-gcc, r-devel-windows-ix86+x86_64, r-patched-linux-x86_64, r-patched-solaris-x86, r-release-linux-x86_64, r-release-windows-ix86+x86_64, r-release-osx-x86_64, r-oldrel-windows-ix86+x86_64, r-oldrel-osx-x86_64

Version: 1.1-7.1
Check: R code for possible problems
Result: NOTE
    complexity.LASSO: no visible global function definition for 'profL1'
    complexity.ipec.CoxBoost: no visible global function definition for
     'CoxBoost'
    complexity.ipec.CoxBoost: no visible global function definition for
     'locfit'
    complexity.mincv.CoxBoost: no visible global function definition for
     'cv.CoxBoost'
    complexity.ripec.CoxBoost: no visible global function definition for
     'CoxBoost'
    complexity.ripec.CoxBoost: no visible global function definition for
     'locfit'
    extract: no visible global function definition for 'findGlobals'
    fit.CoxBoost: no visible global function definition for 'CoxBoost'
    fit.LASSO: no visible global function definition for 'penalized'
    Undefined global functions or variables:
     CoxBoost cv.CoxBoost findGlobals locfit penalized profL1
Flavors: r-devel-linux-x86_64-debian-clang, r-devel-linux-x86_64-debian-gcc, r-devel-linux-x86_64-fedora-clang, r-devel-linux-x86_64-fedora-gcc, r-devel-windows-ix86+x86_64, r-patched-linux-x86_64, r-patched-solaris-x86, r-release-linux-x86_64, r-release-windows-ix86+x86_64, r-release-osx-x86_64, r-oldrel-windows-ix86+x86_64, r-oldrel-osx-x86_64

Version: 1.1-7.1
Check: Rd line widths
Result: NOTE
    Rd file 'aggregation.brier.Rd':
     \usage lines wider than 90 characters:
     aggregation.brier(full.data=NULL, response, x, model, cplx=NULL, type=c("apparent", "noinf"),
    
    Rd file 'aggregation.misclass.Rd':
     \usage lines wider than 90 characters:
     aggregation.misclass(full.data=NULL, response, x, model, cplx=NULL, type=c("apparent", "noinf"),
    
    These lines will be truncated in the PDF manual.
Flavors: r-devel-linux-x86_64-debian-clang, r-devel-linux-x86_64-debian-gcc, r-devel-linux-x86_64-fedora-clang, r-devel-linux-x86_64-fedora-gcc, r-patched-linux-x86_64, r-release-linux-x86_64

Version: 1.1-7.1
Check: compiled code
Result: NOTE
    File ‘peperr/libs/peperr.so’:
     Found no calls to: ‘R_registerRoutines’, ‘R_useDynamicSymbols’
    
    It is good practice to register native routines and to disable symbol
    search.
    
    See ‘Writing portable packages’ in the ‘Writing R Extensions’ manual.
Flavors: r-devel-linux-x86_64-fedora-clang, r-devel-linux-x86_64-fedora-gcc