CRAN Package Check Results for Package perARMA

Last updated on 2020-10-20 11:48:39 CEST.

Flavor Version Tinstall Tcheck Ttotal Status Flags
r-devel-linux-x86_64-debian-clang 1.6 7.81 48.95 56.76 NOTE
r-devel-linux-x86_64-debian-gcc 1.6 4.61 37.13 41.74 NOTE
r-devel-linux-x86_64-fedora-clang 1.6 74.28 NOTE
r-devel-linux-x86_64-fedora-gcc 1.6 70.88 NOTE
r-devel-windows-ix86+x86_64 1.6 9.00 49.00 58.00 OK
r-patched-linux-x86_64 1.6 6.60 45.43 52.03 NOTE
r-patched-solaris-x86 1.6 83.90 NOTE
r-release-linux-x86_64 1.6 7.66 45.19 52.85 NOTE
r-release-macos-x86_64 1.6 OK
r-release-windows-ix86+x86_64 1.6 9.00 50.00 59.00 OK
r-oldrel-macos-x86_64 1.6 OK
r-oldrel-windows-ix86+x86_64 1.6 8.00 63.00 71.00 OK

Check Details

Version: 1.6
Check: for non-standard things in the check directory
Result: NOTE
    Found the following files/directories:
     'PARMA21del1_ident'
Flavors: r-devel-linux-x86_64-debian-clang, r-devel-linux-x86_64-debian-gcc, r-devel-linux-x86_64-fedora-clang, r-devel-linux-x86_64-fedora-gcc, r-patched-linux-x86_64, r-patched-solaris-x86, r-release-linux-x86_64