CRAN Package Check Results for Package perARMA

Last updated on 2021-10-28 11:51:36 CEST.

Flavor Version Tinstall Tcheck Ttotal Status Flags
r-devel-linux-x86_64-debian-clang 1.6 6.91 48.59 55.50 NOTE
r-devel-linux-x86_64-debian-gcc 1.6 5.71 37.09 42.80 NOTE
r-devel-linux-x86_64-fedora-clang 1.6 77.44 NOTE
r-devel-linux-x86_64-fedora-gcc 1.6 66.67 NOTE
r-devel-windows-x86_64 1.6 10.00 58.00 68.00 OK
r-devel-windows-x86_64-gcc10-UCRT 1.6 OK
r-patched-linux-x86_64 1.6 7.41 47.11 54.52 NOTE
r-patched-solaris-x86 1.6 90.70 NOTE
r-release-linux-x86_64 1.6 5.01 47.12 52.13 NOTE
r-release-macos-arm64 1.6 OK
r-release-macos-x86_64 1.6 OK
r-release-windows-ix86+x86_64 1.6 8.00 67.00 75.00 OK
r-oldrel-macos-x86_64 1.6 OK
r-oldrel-windows-ix86+x86_64 1.6 8.00 67.00 75.00 OK

Check Details

Version: 1.6
Check: for non-standard things in the check directory
Result: NOTE
    Found the following files/directories:
     'PARMA21del1_ident'
Flavors: r-devel-linux-x86_64-debian-clang, r-devel-linux-x86_64-debian-gcc, r-devel-linux-x86_64-fedora-clang, r-devel-linux-x86_64-fedora-gcc, r-patched-linux-x86_64, r-patched-solaris-x86, r-release-linux-x86_64