Last updated on 2024-03-28 17:49:37 CET.
Flavor | Version | Tinstall | Tcheck | Ttotal | Status | Flags |
---|---|---|---|---|---|---|
r-devel-linux-x86_64-debian-clang | 0.1.3 | 15.92 | 116.70 | 132.62 | OK | |
r-devel-linux-x86_64-debian-gcc | 0.1.3 | 10.17 | 87.65 | 97.82 | OK | |
r-devel-linux-x86_64-fedora-clang | 0.1.3 | 176.04 | NOTE | |||
r-devel-linux-x86_64-fedora-gcc | 0.1.3 | 168.24 | NOTE | |||
r-devel-windows-x86_64 | 0.1.3 | 12.00 | 100.00 | 112.00 | OK | |
r-patched-linux-x86_64 | 0.1.3 | 18.95 | 111.33 | 130.28 | OK | |
r-release-linux-x86_64 | 0.1.3 | 10.18 | 113.73 | 123.91 | OK | |
r-release-macos-arm64 | 0.1.3 | 47.00 | OK | |||
r-release-macos-x86_64 | 0.1.3 | 112.00 | OK | |||
r-release-windows-x86_64 | 0.1.3 | 16.00 | 113.00 | 129.00 | OK | |
r-oldrel-macos-arm64 | 0.1.2 | 47.00 | OK | |||
r-oldrel-windows-x86_64 | 0.1.2 | 16.00 | 112.00 | 128.00 | OK |
Version: 0.1.3
Check: data for non-ASCII characters
Result: NOTE
Note: found 4 marked UTF-8 strings
Flavors: r-devel-linux-x86_64-fedora-clang, r-devel-linux-x86_64-fedora-gcc