Last updated on 2023-03-20 11:53:55 CET.
Flavor | Version | Tinstall | Tcheck | Ttotal | Status | Flags |
---|---|---|---|---|---|---|
r-devel-linux-x86_64-debian-clang | 0.1.1 | OK | ||||
r-devel-linux-x86_64-debian-gcc | 0.1.1 | 4.27 | 37.33 | 41.60 | OK | |
r-devel-linux-x86_64-fedora-clang | 0.1.1 | 68.70 | NOTE | |||
r-devel-linux-x86_64-fedora-gcc | 0.1.1 | 63.84 | NOTE | |||
r-patched-linux-x86_64 | 0.1.1 | 3.89 | 48.52 | 52.41 | OK | |
r-release-linux-x86_64 | 0.1.1 | 5.33 | 47.11 | 52.44 | OK | |
r-release-macos-arm64 | 0.1.1 | 27.00 | OK | |||
r-release-macos-x86_64 | 0.1.1 | 35.00 | NOTE | |||
r-release-windows-x86_64 | 0.1.1 | 16.00 | 75.00 | 91.00 | OK |
Version: 0.1.1
Check: data for non-ASCII characters
Result: NOTE
Note: found 4 marked UTF-8 strings
Flavors: r-devel-linux-x86_64-fedora-clang, r-devel-linux-x86_64-fedora-gcc, r-release-macos-x86_64