CRAN Package Check Results for Package perfectphyloR

Last updated on 2023-06-01 23:56:24 CEST.

Flavor Version Tinstall Tcheck Ttotal Status Flags
r-devel-linux-x86_64-debian-clang 0.2.1 55.51 54.64 110.15 NOTE
r-devel-linux-x86_64-debian-gcc 0.2.1 43.63 42.21 85.84 NOTE
r-devel-linux-x86_64-fedora-clang 0.2.1 164.18 NOTE
r-devel-linux-x86_64-fedora-gcc 0.2.1 162.56 NOTE
r-devel-windows-x86_64 0.2.1 44.00 89.00 133.00 NOTE
r-patched-linux-x86_64 0.2.1 NOTE
r-release-linux-x86_64 0.2.1 46.47 52.82 99.29 NOTE
r-release-macos-arm64 0.2.1 56.00 NOTE
r-release-macos-x86_64 0.2.1 80.00 NOTE
r-release-windows-x86_64 0.2.1 56.00 109.00 165.00 NOTE
r-oldrel-macos-arm64 0.2.1 43.00 OK
r-oldrel-macos-x86_64 0.2.1 56.00 OK
r-oldrel-windows-x86_64 0.2.1 57.00 96.00 153.00 OK

Check Details

Version: 0.2.1
Check: C++ specification
Result: NOTE
     Specified C++11: please drop specification unless essential
Flavors: r-devel-linux-x86_64-debian-clang, r-devel-linux-x86_64-debian-gcc, r-devel-linux-x86_64-fedora-clang, r-devel-linux-x86_64-fedora-gcc, r-devel-windows-x86_64, r-patched-linux-x86_64, r-release-linux-x86_64, r-release-macos-arm64, r-release-macos-x86_64, r-release-windows-x86_64

Version: 0.2.1
Check: package dependencies
Result: NOTE
    Package suggested but not available for checking: ‘vcfR’
Flavor: r-release-macos-x86_64