CRAN Package Check Results for Package performance

Last updated on 2021-12-04 11:52:43 CET.

Flavor Version Tinstall Tcheck Ttotal Status Flags
r-devel-linux-x86_64-debian-clang 0.8.0 17.82 199.56 217.38 OK
r-devel-linux-x86_64-debian-gcc 0.8.0 12.15 146.81 158.96 OK
r-devel-linux-x86_64-fedora-clang 0.8.0 271.13 NOTE
r-devel-linux-x86_64-fedora-gcc 0.8.0 243.85 OK
r-devel-windows-x86_64-new-UL 0.8.0 41.00 273.00 314.00 OK
r-devel-windows-x86_64-new-TK 0.8.0 OK
r-devel-windows-x86_64-old 0.8.0 26.00 200.00 226.00 OK
r-patched-linux-x86_64 0.8.0 18.63 181.93 200.56 OK
r-release-linux-x86_64 0.8.0 16.64 183.70 200.34 OK
r-release-macos-arm64 0.8.0 OK
r-release-macos-x86_64 0.8.0 OK
r-release-windows-ix86+x86_64 0.8.0 26.00 262.00 288.00 OK
r-oldrel-macos-x86_64 0.8.0 OK
r-oldrel-windows-ix86+x86_64 0.8.0 27.00 401.00 428.00 OK

Check Details

Version: 0.8.0
Check: Rd cross-references
Result: NOTE
    Undeclared package ‘bayesplot’ in Rd xrefs
Flavor: r-devel-linux-x86_64-fedora-clang