Last updated on 2023-03-21 17:53:11 CET.
Flavor | Version | Tinstall | Tcheck | Ttotal | Status | Flags |
---|---|---|---|---|---|---|
r-devel-linux-x86_64-debian-clang | 0.8.2 | 3.56 | 58.36 | 61.92 | NOTE | |
r-devel-linux-x86_64-debian-gcc | 0.8.2 | 3.07 | 43.68 | 46.75 | NOTE | |
r-devel-linux-x86_64-fedora-clang | 0.8.2 | 76.03 | NOTE | |||
r-devel-linux-x86_64-fedora-gcc | 0.8.2 | 82.86 | NOTE | |||
r-patched-linux-x86_64 | 0.8.2 | 4.00 | 57.91 | 61.91 | NOTE | |
r-release-linux-x86_64 | 0.8.2 | 4.05 | 56.78 | 60.83 | NOTE | |
r-release-macos-arm64 | 0.8.2 | 23.00 | NOTE | |||
r-release-macos-x86_64 | 0.8.2 | 41.00 | NOTE | |||
r-release-windows-x86_64 | 0.8.2 | 19.00 | 90.00 | 109.00 | NOTE | |
r-oldrel-macos-arm64 | 0.8.2 | 22.00 | NOTE | |||
r-oldrel-macos-x86_64 | 0.8.2 | 40.00 | NOTE | |||
r-oldrel-windows-ix86+x86_64 | 0.8.2 | 11.00 | 85.00 | 96.00 | NOTE |
Version: 0.8.2
Check: package subdirectories
Result: NOTE
Problems with news in ‘NEWS.md’:
Cannot extract version info from the following section titles:
Fixed issues
Flavors: r-devel-linux-x86_64-debian-clang, r-devel-linux-x86_64-debian-gcc, r-devel-linux-x86_64-fedora-clang, r-devel-linux-x86_64-fedora-gcc
Version: 0.8.2
Check: LazyData
Result: NOTE
'LazyData' is specified without a 'data' directory
Flavors: r-devel-linux-x86_64-debian-clang, r-devel-linux-x86_64-debian-gcc, r-devel-linux-x86_64-fedora-clang, r-devel-linux-x86_64-fedora-gcc, r-patched-linux-x86_64, r-release-linux-x86_64, r-release-macos-arm64, r-release-macos-x86_64, r-release-windows-x86_64, r-oldrel-macos-arm64, r-oldrel-macos-x86_64, r-oldrel-windows-ix86+x86_64
Version: 0.8.2
Check: dependencies in R code
Result: NOTE
Initiating curl with CURL_SSL_BACKEND: openssl
Flavor: r-oldrel-windows-ix86+x86_64