Last updated on 2024-04-23 11:55:52 CEST.
Flavor | Version | Tinstall | Tcheck | Ttotal | Status | Flags |
---|---|---|---|---|---|---|
r-devel-linux-x86_64-debian-clang | 0.8.2 | 4.39 | 54.72 | 59.11 | NOTE | |
r-devel-linux-x86_64-debian-gcc | 0.8.2 | 2.80 | 42.09 | 44.89 | NOTE | |
r-devel-linux-x86_64-fedora-clang | 0.8.2 | 77.27 | NOTE | |||
r-devel-linux-x86_64-fedora-gcc | 0.8.2 | 86.24 | NOTE | |||
r-prerel-macos-arm64 | 0.8.2 | 38.00 | NOTE | |||
r-prerel-windows-x86_64 | 0.8.2 | 5.00 | 63.00 | 68.00 | NOTE | |
r-patched-linux-x86_64 | 0.8.2 | 3.71 | 52.34 | 56.05 | NOTE | |
r-release-linux-x86_64 | 0.8.2 | 2.25 | 52.88 | 55.13 | NOTE | |
r-release-macos-arm64 | 0.8.2 | 35.00 | NOTE | |||
r-release-macos-x86_64 | 0.8.2 | 44.00 | NOTE | |||
r-release-windows-x86_64 | 0.8.2 | 6.00 | 67.00 | 73.00 | NOTE | |
r-oldrel-macos-arm64 | 0.8.2 | 23.00 | NOTE | |||
r-oldrel-windows-x86_64 | 0.8.2 | 5.00 | 72.00 | 77.00 | NOTE |
Version: 0.8.2
Check: package subdirectories
Result: NOTE
Problems with news in ‘NEWS.md’:
Cannot extract version info from the following section titles:
Fixed issues
Flavors: r-devel-linux-x86_64-debian-clang, r-devel-linux-x86_64-debian-gcc, r-devel-linux-x86_64-fedora-clang, r-devel-linux-x86_64-fedora-gcc, r-prerel-macos-arm64, r-prerel-windows-x86_64, r-patched-linux-x86_64, r-release-linux-x86_64, r-release-macos-arm64, r-release-macos-x86_64, r-release-windows-x86_64
Version: 0.8.2
Check: LazyData
Result: NOTE
'LazyData' is specified without a 'data' directory
Flavors: r-devel-linux-x86_64-debian-clang, r-devel-linux-x86_64-debian-gcc, r-devel-linux-x86_64-fedora-clang, r-devel-linux-x86_64-fedora-gcc, r-prerel-macos-arm64, r-prerel-windows-x86_64, r-patched-linux-x86_64, r-release-linux-x86_64, r-release-macos-arm64, r-release-macos-x86_64, r-release-windows-x86_64, r-oldrel-macos-arm64, r-oldrel-windows-x86_64