Last updated on 2023-12-10 01:52:36 CET.
Flavor | Version | Tinstall | Tcheck | Ttotal | Status | Flags |
---|---|---|---|---|---|---|
r-devel-linux-x86_64-debian-clang | 0.2-3 | 6.76 | 77.95 | 84.71 | NOTE | |
r-devel-linux-x86_64-debian-gcc | 0.2-3 | 5.20 | 57.65 | 62.85 | NOTE | |
r-devel-linux-x86_64-fedora-clang | 0.2-3 | 106.39 | NOTE | |||
r-devel-linux-x86_64-fedora-gcc | 0.2-3 | 109.17 | NOTE | |||
r-devel-windows-x86_64 | 0.2-3 | 10.00 | 72.00 | 82.00 | NOTE | |
r-patched-linux-x86_64 | 0.2-3 | 6.18 | 74.18 | 80.36 | NOTE | |
r-release-linux-x86_64 | 0.2-3 | 5.37 | 72.95 | 78.32 | NOTE | |
r-release-macos-arm64 | 0.2-3 | 34.00 | NOTE | |||
r-release-macos-x86_64 | 0.2-3 | 58.00 | NOTE | |||
r-release-windows-x86_64 | 0.2-3 | 12.00 | 82.00 | 94.00 | NOTE | |
r-oldrel-macos-arm64 | 0.2-3 | 37.00 | OK | |||
r-oldrel-macos-x86_64 | 0.2-3 | 52.00 | OK | |||
r-oldrel-windows-x86_64 | 0.2-3 | 12.00 | 97.00 | 109.00 | OK |
Version: 0.2-3
Check: Rd files
Result: NOTE
checkRd: (-1) PatentsRD.Rd:4: Escaped LaTeX specials: \&
checkRd: (-1) PatentsRD.Rd:30: Escaped LaTeX specials: \&
checkRd: (-1) PatentsRDUS.Rd:4: Escaped LaTeX specials: \&
Flavors: r-devel-linux-x86_64-debian-clang, r-devel-linux-x86_64-debian-gcc, r-devel-linux-x86_64-fedora-clang, r-devel-linux-x86_64-fedora-gcc, r-devel-windows-x86_64, r-patched-linux-x86_64, r-release-linux-x86_64, r-release-macos-arm64, r-release-macos-x86_64, r-release-windows-x86_64