CRAN Package Check Results for Package pguIMP

Last updated on 2022-01-22 11:51:07 CET.

Flavor Version Tinstall Tcheck Ttotal Status Flags
r-devel-linux-x86_64-debian-clang 0.0.0.3 47.85 240.66 288.51 OK
r-devel-linux-x86_64-debian-gcc 0.0.0.3 42.48 178.33 220.81 OK
r-devel-linux-x86_64-fedora-clang 0.0.0.3 357.04 NOTE
r-devel-linux-x86_64-fedora-gcc 0.0.0.3 339.24 NOTE
r-devel-windows-x86_64-new-UL 0.0.0.3 578.00 262.00 840.00 NOTE
r-devel-windows-x86_64-new-TK 0.0.0.3 NOTE
r-patched-linux-x86_64 0.0.0.3 56.68 229.38 286.06 OK
r-release-linux-x86_64 0.0.0.3 45.13 228.63 273.76 OK
r-release-macos-arm64 0.0.0.3 NOTE
r-release-macos-x86_64 0.0.0.3 NOTE
r-release-windows-ix86+x86_64 0.0.0.3 94.00 246.00 340.00 NOTE
r-oldrel-macos-x86_64 0.0.0.3 NOTE
r-oldrel-windows-ix86+x86_64 0.0.0.3 96.00 246.00 342.00 NOTE

Check Details

Version: 0.0.0.3
Check: package dependencies
Result: NOTE
    Imports includes 38 non-default packages.
    Importing from so many packages makes the package vulnerable to any of
    them becoming unavailable. Move as many as possible to Suggests and
    use conditionally.
Flavor: r-devel-linux-x86_64-fedora-clang

Version: 0.0.0.3
Check: installed package size
Result: NOTE
     installed size is 6.5Mb
     sub-directories of 1Mb or more:
     application 5.0Mb
Flavors: r-devel-linux-x86_64-fedora-clang, r-devel-windows-x86_64-new-UL, r-release-macos-arm64, r-release-macos-x86_64, r-release-windows-ix86+x86_64, r-oldrel-macos-x86_64, r-oldrel-windows-ix86+x86_64

Version: 0.0.0.3
Check: dependencies in R code
Result: NOTE
    Namespaces in Imports field not imported from:
     ‘rJava’ ‘shinyWidgets’ ‘shinydashboard’ ‘shinyjs’
     All declared Imports should be used.
Flavors: r-devel-linux-x86_64-fedora-clang, r-devel-linux-x86_64-fedora-gcc, r-devel-windows-x86_64-new-TK, r-release-macos-arm64, r-release-macos-x86_64, r-oldrel-macos-x86_64