CRAN Package Check Results for Package ph2hetero

Last updated on 2019-05-23 17:50:36 CEST.

Flavor Version Tinstall Tcheck Ttotal Status Flags
r-devel-linux-x86_64-debian-clang 1.0.2 10.30 29.43 39.73 NOTE
r-devel-linux-x86_64-debian-gcc 1.0.2 10.35 22.85 33.20 NOTE
r-devel-linux-x86_64-fedora-clang 1.0.2 50.66 NOTE
r-devel-linux-x86_64-fedora-gcc 1.0.2 46.35 NOTE
r-devel-windows-ix86+x86_64 1.0.2 26.00 74.00 100.00 NOTE
r-patched-linux-x86_64 1.0.2 11.12 29.10 40.22 NOTE
r-patched-solaris-x86 1.0.2 73.10 NOTE
r-release-linux-x86_64 1.0.2 12.08 29.53 41.61 NOTE
r-release-windows-ix86+x86_64 1.0.2 42.00 63.00 105.00 NOTE
r-release-osx-x86_64 1.0.2 NOTE
r-oldrel-windows-ix86+x86_64 1.0.2 26.00 58.00 84.00 NOTE
r-oldrel-osx-x86_64 1.0.2 NOTE

Check Details

Version: 1.0.2
Check: for GNU extensions in Makefiles
Result: NOTE
    GNU make is a SystemRequirements.
Flavors: r-devel-linux-x86_64-debian-clang, r-devel-linux-x86_64-debian-gcc, r-devel-linux-x86_64-fedora-clang, r-devel-linux-x86_64-fedora-gcc, r-devel-windows-ix86+x86_64, r-patched-linux-x86_64, r-patched-solaris-x86, r-release-linux-x86_64, r-release-windows-ix86+x86_64, r-release-osx-x86_64, r-oldrel-windows-ix86+x86_64, r-oldrel-osx-x86_64