CRAN Package Check Results for Package ph2hetero

Last updated on 2019-07-16 05:48:25 CEST.

Flavor Version Tinstall Tcheck Ttotal Status Flags
r-devel-linux-x86_64-debian-clang 1.0.2 10.31 28.66 38.97 NOTE
r-devel-linux-x86_64-debian-gcc 1.0.2 10.15 22.91 33.06 NOTE
r-devel-linux-x86_64-fedora-clang 1.0.2 48.42 NOTE
r-devel-linux-x86_64-fedora-gcc 1.0.2 46.67 NOTE
r-devel-windows-ix86+x86_64 1.0.2 38.00 62.00 100.00 NOTE
r-patched-linux-x86_64 1.0.2 11.38 28.72 40.10 NOTE
r-patched-solaris-x86 1.0.2 74.90 NOTE
r-release-linux-x86_64 1.0.2 12.29 28.93 41.22 NOTE
r-release-windows-ix86+x86_64 1.0.2 29.00 73.00 102.00 NOTE
r-release-osx-x86_64 1.0.2 NOTE
r-oldrel-windows-ix86+x86_64 1.0.2 39.00 61.00 100.00 NOTE
r-oldrel-osx-x86_64 1.0.2 NOTE

Check Details

Version: 1.0.2
Check: for GNU extensions in Makefiles
Result: NOTE
    GNU make is a SystemRequirements.
Flavors: r-devel-linux-x86_64-debian-clang, r-devel-linux-x86_64-debian-gcc, r-devel-linux-x86_64-fedora-clang, r-devel-linux-x86_64-fedora-gcc, r-devel-windows-ix86+x86_64, r-patched-linux-x86_64, r-patched-solaris-x86, r-release-linux-x86_64, r-release-windows-ix86+x86_64, r-release-osx-x86_64, r-oldrel-windows-ix86+x86_64, r-oldrel-osx-x86_64