Last updated on 2024-04-19 00:12:03 CEST.
Flavor | Version | Tinstall | Tcheck | Ttotal | Status | Flags |
---|---|---|---|---|---|---|
r-devel-linux-x86_64-debian-clang | 2.2.1 | 5.29 | 133.19 | 138.48 | NOTE | |
r-devel-linux-x86_64-debian-gcc | 2.2.1 | 3.84 | 92.26 | 96.10 | NOTE | |
r-devel-linux-x86_64-fedora-clang | 2.2.1 | 169.36 | NOTE | |||
r-devel-linux-x86_64-fedora-gcc | 2.2.1 | 177.97 | NOTE | |||
r-prerel-macos-arm64 | 2.2.1 | 46.00 | NOTE | |||
r-prerel-windows-x86_64 | 2.2.1 | 5.00 | 103.00 | 108.00 | NOTE | |
r-patched-linux-x86_64 | 2.2.1 | 7.04 | 127.06 | 134.10 | NOTE | |
r-release-linux-x86_64 | 2.2.1 | 4.13 | 125.48 | 129.61 | OK | |
r-release-macos-arm64 | 2.2.1 | 48.00 | OK | |||
r-release-macos-x86_64 | 2.2.1 | 73.00 | OK | |||
r-release-windows-x86_64 | 2.2.1 | 5.00 | 117.00 | 122.00 | OK | |
r-oldrel-macos-arm64 | 2.2.1 | 41.00 | OK | |||
r-oldrel-windows-x86_64 | 2.2.1 | 6.00 | 111.00 | 117.00 | OK |
Version: 2.2.1
Check: Rd files
Result: NOTE
checkRd: (-1) phasePlaneAnalysis.Rd:84: Lost braces; missing escapes or markup?
84 | identified {see (3) above}, if this point is a saddle then the manifolds are
| ^
Flavors: r-devel-linux-x86_64-debian-clang, r-devel-linux-x86_64-debian-gcc, r-devel-linux-x86_64-fedora-clang, r-devel-linux-x86_64-fedora-gcc, r-prerel-macos-arm64, r-prerel-windows-x86_64, r-patched-linux-x86_64